{"id":97,"date":"2020-02-01T14:00:17","date_gmt":"2020-02-01T14:00:17","guid":{"rendered":"http:\/\/sp1stanislawdolny.edu.pl\/?page_id=97"},"modified":"2020-02-17T17:31:56","modified_gmt":"2020-02-17T17:31:56","slug":"nasza-wies","status":"publish","type":"page","link":"http:\/\/sp1stanislawdolny.edu.pl\/index.php\/nasza-wies\/","title":{"rendered":"Nasza wie\u015b"},"content":{"rendered":"<p><span style=\"color: #000000;\">Stanis\u0142aw Dolny to miejscowo\u015b\u0107 w gminie Kalwaria Zebrzydowska. Le\u017cy w Zachodniej cz\u0119\u015bci Pog\u00f3rza Wielickiego i po\u0142udniowo Zachodniej cz\u0119\u015bci p\u0142askowy\u017c Drabo\u017ca. S\u0105siaduje z Kalwari\u0105 Zebrzydowsk\u0105 i Zebrzydowicami przy szosie Kalwaria \u2013 Stanis\u0142aw i Wadowice \u2013 Stanis\u0142aw. Od Mrowiej G\u00f3ry ci\u0105gn\u0105 si\u0119 ku wschodowi dwa wyd\u0142u\u017cone r\u00f3wnole\u017cnikowo grzbiety niezalesionych wzg\u00f3rz i \u0142agodnie opadaj\u0105 ku Dolinie Skawinki w Zebrzydowicach. Mi\u0119dzy nimi p\u0142yn\u0105 potoki, z kt\u00f3rych p\u00f3\u0142nocny ma \u017ar\u00f3d\u0142o przy grzbiecie pasma Drabo\u017ca. Ich \u017ar\u00f3dliskowe odcinki tworz\u0105 niewielkie kotlinki, z kt\u00f3rych koncentrycznie sp\u0142ywaj\u0105 bystre strumienie. Ni\u017csza cz\u0119\u015b\u0107 tych kotlinek (wschodni\u0105) zajmuje Stanis\u0142aw Dolny. Wzd\u0142u\u017c grzbiet\u00f3w i dzia\u0142u wodnego biegnie okr\u0119\u017cna droga, \u0142\u0105cz\u0105ca prawie wszystkie przysi\u00f3\u0142ki wsi. Domy skupi\u0142y si\u0119 bowiem ulicowo przy tych drogach. Natomiast doliny wolne s\u0105 od zabudowa\u0144. Przysi\u00f3\u0142ki Stanis\u0142awia Dolnego \u2013 Dolany i k\u0119pki (w cz\u0119\u015bci wschodniej) oraz So\u0142tystwo i Sosn\u00f3wka (w cz\u0119\u015bci zachodniej). So\u0142tystwo w Stanis\u0142awiu Dolnym \u2013 to centrum dawnej wsi, gdzie wznosi si\u0119 najwi\u0119cej dom\u00f3w o tradycyjnej architekturze z prze\u0142omu XIX i XX w.: parterowych, drewnianych, budowanych na zr\u0105b, z ganeczkami od fr\u0105tu, otoczonych sadami i ogr\u00f3dkami. Wi\u0119kszo\u015b\u0107 budynk\u00f3w obecnie, to przewa\u017cnie pi\u0119kne wille zwi\u0105zane z rozwijaj\u0105cym si\u0119 od kilkunastu lat rzemios\u0142em i przemys\u0142em obuwniczym.<\/span><\/p>\n<p><span style=\"color: #000000;\">W latach 1973-1975 miejscowo\u015b\u0107 administracyjnie nale\u017ca\u0142a do wojew\u00f3dztwa krakowskiego, potem w latach 1975-1998 do wojew\u00f3dztwa bielskiego. Obecnie Stanis\u0142aw Dolny nale\u017cy do wojew\u00f3dztwa ma\u0142opolskiego w powiecie wadowickim.<\/span><\/p>\n<p><span style=\"color: #000000;\">Odleg\u0142o\u015b\u0107 od Kalwarii Zebrzydowskiej wynosi ok. 5 km., od Skawiny ok. 18 km, od Wadowic ok. 14 km i od Krakowa ok. 30 km.<\/span><\/p>\n<p><span style=\"color: #000000;\"><strong>Klimat<\/strong><\/span><\/p>\n<p><span style=\"color: #000000;\">Miejscowo\u015b\u0107 Stanis\u0142aw Dolny le\u017cy w strefie klimatu umiarkowanego ciep\u0142ego. Temperatura stycznia waha si\u0119 od -2 C do \u2013 18 C, a temperatura lipca wynosi \u015brednio 20 C. Jest to obszar nawiedzany przez wiatr halny. Roczne opady na tym terenie wynosz\u0105 900-1000 mm. Najwi\u0119cej opad\u00f3w notuje si\u0119 w lipcu 140 mm co sprzyja uprawom. najwi\u0119ksza ilo\u015b\u0107 dni pogodnych wyst\u0119puje p\u00f3\u017an\u0105 wiosn\u0105 oraz w lecie. W okresie wiosenno-letnim wyst\u0119puj\u0119 kilkudniowe intensywne opady co powoduje lokalne podtopienia i powodzie.<\/span><\/p>\n<p><span style=\"color: #000000;\"><strong>Historia<\/strong><\/span><\/p>\n<p><span style=\"color: #000000; font-size: small;\"><i>poni\u017csze informacje pochodz\u0105 z interesuj\u0105cej pracy Pana Aleksego Siemionowa pod tytu\u0142em &#8222;ZIEMIA WADOWICKA&#8221; i stanowi\u0105 bardzo niewielki jej fragment. <\/i><\/span><\/p>\n<p><span style=\"color: #000000;\"><span style=\"font-size: medium;\">Stanis\u0142aw Dolny, le\u017c\u0105ca 280-350 m n.p.m., zwany dawniej Barwa\u0142dzkim lub Stra\u017cnicami, na pocz\u0105tku XIV wieku by\u0142 lokowany przez ksi\u0105\u017c\u0105t o\u015bwi\u0119cimskich, w dniu 10.7.1329 roku (so\u0142tys Piotr Jascon, mieszczanin krakowski), p\u00f3\u017aniej nale\u017ca\u0142 do zamku i starostwa barwa\u0142dzkiego, nast\u0119pnie dziedzicami byli Cie\u015bli\u0144scy, Stanis\u0142awscy i Brandysowie. W XX wieku w Stanis\u0142awiu Dolnym ( jak i w okolicy ) nast\u0105pi\u0142 silny rozw\u00f3j szewstwa, dzi\u0119ki czemu ostatnio, uboga dawniej wioska , przekszta\u0142ci\u0142a si\u0119 jakby w willowe miasteczko. Dzieli si\u0119 na dwie cz\u0119\u015bci Dolany i K\u0119pki. Urodzi\u0142 si\u0119 tu i w 1948 roku uko\u0144czy\u0142 liceum w Kalwarii Zebrzydowskiej, dr Mieczys\u0142aw Glanowski (1930 &#8211; 1983) d\u0142ugoletni wiceminister g\u00f3rnictwa, od sierpnia 1980 do lipca 1981 minister tego resortu.<\/span><\/span><\/p>\n<p>Archiwalne zdj\u0119cia<\/p>\n<p><a href=\"https:\/\/goo.gl\/photos\/X5kuwjYGywGcfKPq7\" target=\"_blank\" rel=\"noopener noreferrer\"><img loading=\"lazy\" decoding=\"async\" class=\"alignnone wp-image-375 size-full\" src=\"http:\/\/sp1stanislawdolny.edu.pl\/wp-content\/uploads\/2020\/02\/StareZdjCia.jpg\" alt=\"\" width=\"160\" height=\"160\" srcset=\"http:\/\/sp1stanislawdolny.edu.pl\/wp-content\/uploads\/2020\/02\/StareZdjCia.jpg 160w, http:\/\/sp1stanislawdolny.edu.pl\/wp-content\/uploads\/2020\/02\/StareZdjCia-150x150.jpg 150w\" sizes=\"auto, (max-width: 160px) 100vw, 160px\" \/><\/a><\/p>\n<p style=\"text-align: left;\"><span style=\"color: #000000; font-size: 12pt;\"><i>Tutaj nasza uczennica napisa\u0142a o swym przodku.<\/i><\/span><\/p>\n<p>M\u00f3j pradziadek W\u0142adys\u0142aw Faber urodzi\u0142 si\u0119 w 1912, zmar\u0142 po ci\u0119\u017ckiej chorobie w marcu 1992. W czasie II wojny \u015bwiatowej wraz z pu\u0142kiem piechoty wyruszy\u0142 zgodnie z rozkazem powrotu pod Pcim, bo ta miejscowo\u015b\u0107 by\u0142a bardzo os\u0142abiona. W wyniku przegranej walki Niemcy zabrali ich do niewoli, z kt\u00f3rej potem \u017co\u0142nierze uciekli pod Tomaszowem Lubelskim. Przez kilka dni musia\u0142 si\u0119 ukrywa\u0107, p\u00f3\u017aniej walczy\u0142 w Batalionach Ch\u0142opskich, pomaga\u0142 partyzantce. Cz\u0119sto opowiada\u0142 jak jeden z mieszka\u0144c\u00f3w naszej wsi zdradzi\u0142 Niemcom, \u017ce w sianie wozem z ko\u0144mi jad\u0105 partyzanci. Rozstrzelano wszystkich. Cz\u0142owiek ten po wojnie zosta\u0142 skazany na \u015bmier\u0107, ale zap\u0142acono za niego okup. Po wojnie pradziadek by\u0142 wielkim dzia\u0142aczem spo\u0142ecznym. To dzi\u0119ki niemu i kilku innym mamy nasz\u0105 szko\u0142\u0119 i remiz\u0105 stra\u017cack\u0105. Prowadzi\u0142 wraz z prababci\u0105, sklep spo\u017cywczo-przemys\u0142owy w Stanis\u0142awiu, a p\u00f3\u017aniej warzywny, w Kalwarii Zebrzydowskiej.<\/p>\n<p style=\"text-align: right;\"><span style=\"color: #000000; font-size: 12pt;\"><i>Sylwia Wojas 13.02.2005<\/i><\/span><\/p>\n","protected":false},"excerpt":{"rendered":"<p>Stanis\u0142aw Dolny to miejscowo\u015b\u0107 w gminie Kalwaria Zebrzydowska. Le\u017cy w Zachodniej cz\u0119\u015bci Pog\u00f3rza Wielickiego i po\u0142udniowo Zachodniej cz\u0119\u015bci p\u0142askowy\u017c Drabo\u017ca. S\u0105siaduje z Kalwari\u0105 Zebrzydowsk\u0105 i Zebrzydowicami przy szosie Kalwaria \u2013 Stanis\u0142aw i Wadowice \u2013 Stanis\u0142aw. Od Mrowiej G\u00f3ry ci\u0105gn\u0105 si\u0119 ku wschodowi dwa wyd\u0142u\u017cone r\u00f3wnole\u017cnikowo grzbiety niezalesionych wzg\u00f3rz i \u0142agodnie opadaj\u0105 ku Dolinie Skawinki w\u2026 <span class=\"read-more\"><a href=\"http:\/\/sp1stanislawdolny.edu.pl\/index.php\/nasza-wies\/\">Dowiedz si\u0119 wi\u0119cej &raquo;<\/a><\/span><\/p>\n","protected":false},"author":1,"featured_media":0,"parent":0,"menu_order":0,"comment_status":"closed","ping_status":"closed","template":"","meta":{"ngg_post_thumbnail":0,"footnotes":""},"class_list":["post-97","page","type-page","status-publish","hentry"],"_links":{"self":[{"href":"http:\/\/sp1stanislawdolny.edu.pl\/index.php\/wp-json\/wp\/v2\/pages\/97","targetHints":{"allow":["GET"]}}],"collection":[{"href":"http:\/\/sp1stanislawdolny.edu.pl\/index.php\/wp-json\/wp\/v2\/pages"}],"about":[{"href":"http:\/\/sp1stanislawdolny.edu.pl\/index.php\/wp-json\/wp\/v2\/types\/page"}],"author":[{"embeddable":true,"href":"http:\/\/sp1stanislawdolny.edu.pl\/index.php\/wp-json\/wp\/v2\/users\/1"}],"replies":[{"embeddable":true,"href":"http:\/\/sp1stanislawdolny.edu.pl\/index.php\/wp-json\/wp\/v2\/comments?post=97"}],"version-history":[{"count":4,"href":"http:\/\/sp1stanislawdolny.edu.pl\/index.php\/wp-json\/wp\/v2\/pages\/97\/revisions"}],"predecessor-version":[{"id":367,"href":"http:\/\/sp1stanislawdolny.edu.pl\/index.php\/wp-json\/wp\/v2\/pages\/97\/revisions\/367"}],"wp:attachment":[{"href":"http:\/\/sp1stanislawdolny.edu.pl\/index.php\/wp-json\/wp\/v2\/media?parent=97"}],"curies":[{"name":"wp","href":"https:\/\/api.w.org\/{rel}","templated":true}]}}