{"id":6601,"date":"2022-01-21T11:39:08","date_gmt":"2022-01-21T11:39:08","guid":{"rendered":"http:\/\/sp1stanislawdolny.edu.pl\/?page_id=6601"},"modified":"2022-01-21T11:39:08","modified_gmt":"2022-01-21T11:39:08","slug":"dzien-babci-i-dziadka-2022","status":"publish","type":"page","link":"http:\/\/sp1stanislawdolny.edu.pl\/index.php\/dzien-babci-i-dziadka-2022\/","title":{"rendered":"Dzie\u0144 Babci i Dziadka 2022"},"content":{"rendered":"<div style=\"width: 665px;\" class=\"wp-video\"><video class=\"wp-video-shortcode\" id=\"video-6601-1\" width=\"665\" height=\"374\" preload=\"metadata\" controls=\"controls\"><source type=\"video\/mp4\" src=\"http:\/\/sp1stanislawdolny.edu.pl\/wp-content\/uploads\/2022\/01\/wiktoria_2_x264.mp4?_=1\" \/><a href=\"http:\/\/sp1stanislawdolny.edu.pl\/wp-content\/uploads\/2022\/01\/wiktoria_2_x264.mp4\">http:\/\/sp1stanislawdolny.edu.pl\/wp-content\/uploads\/2022\/01\/wiktoria_2_x264.mp4<\/a><\/video><\/div>\n<p style=\"text-align: center;\">\u017byczenia od klasy VIII<\/p>\n<div style=\"width: 665px;\" class=\"wp-video\"><video class=\"wp-video-shortcode\" id=\"video-6601-2\" width=\"665\" height=\"374\" preload=\"metadata\" controls=\"controls\"><source type=\"video\/mp4\" src=\"http:\/\/sp1stanislawdolny.edu.pl\/wp-content\/uploads\/2022\/01\/Zyczenia_klasa8_x264.mp4?_=2\" \/><a href=\"http:\/\/sp1stanislawdolny.edu.pl\/wp-content\/uploads\/2022\/01\/Zyczenia_klasa8_x264.mp4\">http:\/\/sp1stanislawdolny.edu.pl\/wp-content\/uploads\/2022\/01\/Zyczenia_klasa8_x264.mp4<\/a><\/video><\/div>\n<hr \/>\n<p style=\"text-align: center;\">Muzyczne \u017cyczenia od przedszkolaczk\u00f3w<\/p>\n<div style=\"width: 665px;\" class=\"wp-video\"><video class=\"wp-video-shortcode\" id=\"video-6601-3\" width=\"665\" height=\"374\" preload=\"metadata\" controls=\"controls\"><source type=\"video\/mp4\" src=\"http:\/\/sp1stanislawdolny.edu.pl\/wp-content\/uploads\/2022\/01\/zerowki_x264.mp4?_=3\" \/><a href=\"http:\/\/sp1stanislawdolny.edu.pl\/wp-content\/uploads\/2022\/01\/zerowki_x264.mp4\">http:\/\/sp1stanislawdolny.edu.pl\/wp-content\/uploads\/2022\/01\/zerowki_x264.mp4<\/a><\/video><\/div>\n<hr \/>\n<p style=\"text-align: center;\">\u017byczenia od klasy VIIa<\/p>\n<div style=\"width: 665px;\" class=\"wp-video\"><video class=\"wp-video-shortcode\" id=\"video-6601-4\" width=\"665\" height=\"374\" preload=\"metadata\" controls=\"controls\"><source type=\"video\/mp4\" src=\"http:\/\/sp1stanislawdolny.edu.pl\/wp-content\/uploads\/2022\/01\/klasa7a_x264.mp4?_=4\" \/><a href=\"http:\/\/sp1stanislawdolny.edu.pl\/wp-content\/uploads\/2022\/01\/klasa7a_x264.mp4\">http:\/\/sp1stanislawdolny.edu.pl\/wp-content\/uploads\/2022\/01\/klasa7a_x264.mp4<\/a><\/video><\/div>\n<hr \/>\n<p style=\"text-align: center;\">Taneczny wyst\u0119p klasy IV<\/p>\n<div style=\"width: 665px;\" class=\"wp-video\"><video class=\"wp-video-shortcode\" id=\"video-6601-5\" width=\"665\" height=\"374\" preload=\"metadata\" controls=\"controls\"><source type=\"video\/mp4\" src=\"http:\/\/sp1stanislawdolny.edu.pl\/wp-content\/uploads\/2022\/01\/klasa4_2_x264.mp4?_=5\" \/><a href=\"http:\/\/sp1stanislawdolny.edu.pl\/wp-content\/uploads\/2022\/01\/klasa4_2_x264.mp4\">http:\/\/sp1stanislawdolny.edu.pl\/wp-content\/uploads\/2022\/01\/klasa4_2_x264.mp4<\/a><\/video><\/div>\n<hr \/>\n<p style=\"text-align: center;\">Judyta \u017bak &#8211; uczennica klasy VIII<\/p>\n<div style=\"width: 665px;\" class=\"wp-video\"><video class=\"wp-video-shortcode\" id=\"video-6601-6\" width=\"665\" height=\"374\" preload=\"metadata\" controls=\"controls\"><source type=\"video\/mp4\" src=\"http:\/\/sp1stanislawdolny.edu.pl\/wp-content\/uploads\/2022\/01\/judyta_x264.mp4?_=6\" \/><a href=\"http:\/\/sp1stanislawdolny.edu.pl\/wp-content\/uploads\/2022\/01\/judyta_x264.mp4\">http:\/\/sp1stanislawdolny.edu.pl\/wp-content\/uploads\/2022\/01\/judyta_x264.mp4<\/a><\/video><\/div>\n<hr \/>\n<p style=\"text-align: center;\">Muzyczny wyst\u0119p klasy V<\/p>\n<div style=\"width: 665px;\" class=\"wp-video\"><video class=\"wp-video-shortcode\" id=\"video-6601-7\" width=\"665\" height=\"374\" preload=\"metadata\" controls=\"controls\"><source type=\"video\/mp4\" src=\"http:\/\/sp1stanislawdolny.edu.pl\/wp-content\/uploads\/2022\/01\/klasa5_2_x264.mp4?_=7\" \/><a href=\"http:\/\/sp1stanislawdolny.edu.pl\/wp-content\/uploads\/2022\/01\/klasa5_2_x264.mp4\">http:\/\/sp1stanislawdolny.edu.pl\/wp-content\/uploads\/2022\/01\/klasa5_2_x264.mp4<\/a><\/video><\/div>\n<hr \/>\n<p style=\"text-align: center;\">Taneczny wyst\u0119p klasy VIIb<\/p>\n<div style=\"width: 665px;\" class=\"wp-video\"><video class=\"wp-video-shortcode\" id=\"video-6601-8\" width=\"665\" height=\"374\" preload=\"metadata\" controls=\"controls\"><source type=\"video\/mp4\" src=\"http:\/\/sp1stanislawdolny.edu.pl\/wp-content\/uploads\/2022\/01\/klasa7b_2_x264.mp4?_=8\" \/><a href=\"http:\/\/sp1stanislawdolny.edu.pl\/wp-content\/uploads\/2022\/01\/klasa7b_2_x264.mp4\">http:\/\/sp1stanislawdolny.edu.pl\/wp-content\/uploads\/2022\/01\/klasa7b_2_x264.mp4<\/a><\/video><\/div>\n<hr \/>\n<p style=\"text-align: center;\">Piosenka w wykonaniu klasy VIII<\/p>\n<div style=\"width: 665px;\" class=\"wp-video\"><video class=\"wp-video-shortcode\" id=\"video-6601-9\" width=\"665\" height=\"374\" preload=\"metadata\" controls=\"controls\"><source type=\"video\/mp4\" src=\"http:\/\/sp1stanislawdolny.edu.pl\/wp-content\/uploads\/2022\/01\/piosenka-8_2_x264.mp4?_=9\" \/><a href=\"http:\/\/sp1stanislawdolny.edu.pl\/wp-content\/uploads\/2022\/01\/piosenka-8_2_x264.mp4\">http:\/\/sp1stanislawdolny.edu.pl\/wp-content\/uploads\/2022\/01\/piosenka-8_2_x264.mp4<\/a><\/video><\/div>\n","protected":false},"excerpt":{"rendered":"<p>\u017byczenia od klasy VIII Muzyczne \u017cyczenia od przedszkolaczk\u00f3w \u017byczenia od klasy VIIa Taneczny wyst\u0119p klasy IV Judyta \u017bak &#8211; uczennica klasy VIII Muzyczny wyst\u0119p klasy V Taneczny wyst\u0119p klasy VIIb Piosenka w wykonaniu klasy VIII<\/p>\n","protected":false},"author":1,"featured_media":0,"parent":0,"menu_order":0,"comment_status":"closed","ping_status":"closed","template":"","meta":{"ngg_post_thumbnail":0,"footnotes":""},"class_list":["post-6601","page","type-page","status-publish","hentry"],"_links":{"self":[{"href":"http:\/\/sp1stanislawdolny.edu.pl\/index.php\/wp-json\/wp\/v2\/pages\/6601","targetHints":{"allow":["GET"]}}],"collection":[{"href":"http:\/\/sp1stanislawdolny.edu.pl\/index.php\/wp-json\/wp\/v2\/pages"}],"about":[{"href":"http:\/\/sp1stanislawdolny.edu.pl\/index.php\/wp-json\/wp\/v2\/types\/page"}],"author":[{"embeddable":true,"href":"http:\/\/sp1stanislawdolny.edu.pl\/index.php\/wp-json\/wp\/v2\/users\/1"}],"replies":[{"embeddable":true,"href":"http:\/\/sp1stanislawdolny.edu.pl\/index.php\/wp-json\/wp\/v2\/comments?post=6601"}],"version-history":[{"count":1,"href":"http:\/\/sp1stanislawdolny.edu.pl\/index.php\/wp-json\/wp\/v2\/pages\/6601\/revisions"}],"predecessor-version":[{"id":6611,"href":"http:\/\/sp1stanislawdolny.edu.pl\/index.php\/wp-json\/wp\/v2\/pages\/6601\/revisions\/6611"}],"wp:attachment":[{"href":"http:\/\/sp1stanislawdolny.edu.pl\/index.php\/wp-json\/wp\/v2\/media?parent=6601"}],"curies":[{"name":"wp","href":"https:\/\/api.w.org\/{rel}","templated":true}]}}