{"id":580,"date":"2020-03-14T15:47:19","date_gmt":"2020-03-14T15:47:19","guid":{"rendered":"http:\/\/sp1stanislawdolny.edu.pl\/?page_id=580"},"modified":"2020-06-01T10:44:11","modified_gmt":"2020-06-01T10:44:11","slug":"nauka-w-domu-cwiczenia-utrwalajace","status":"publish","type":"page","link":"http:\/\/sp1stanislawdolny.edu.pl\/index.php\/nauka-w-domu-cwiczenia-utrwalajace\/","title":{"rendered":"Kszta\u0142cenie na odleg\u0142o\u015b\u0107"},"content":{"rendered":"<p style=\"text-align: center;\"><a href=\"http:\/\/sp1stanislawdolny.edu.pl\/wp-content\/uploads\/2020\/03\/Informacja-dla-rodzic\u00f3w.pdf\" target=\"_blank\" rel=\"noopener noreferrer\"><span style=\"font-size: 14pt;\">INFORMACJA DLA RODZIC\u00d3W<\/span><\/a><\/p>\n<p style=\"text-align: center;\"><span style=\"font-size: 14pt;\"><a href=\"http:\/\/sp1stanislawdolny.edu.pl\/wp-content\/uploads\/2020\/05\/Podzia\u0142-godzin-zdalne.pdf\" target=\"_blank\" rel=\"noopener noreferrer\">PLAN LEKCJI<\/a><\/span><\/p>\n<p style=\"text-align: center;\"><a href=\"http:\/\/sp1stanislawdolny.edu.pl\/wp-content\/uploads\/2020\/03\/Formy-i-terminy-konsultacji-z-uczniami-i_rodzicami.pdf\" target=\"_blank\" rel=\"noopener noreferrer\">Formy i terminy konsultacji z uczniami i rodzicami<\/a><\/p>\n<p style=\"text-align: center;\"><a href=\"http:\/\/sp1stanislawdolny.edu.pl\/wp-content\/uploads\/2020\/03\/SPOSOBY-I-FORMY-SPRAWDZANIA-OSI\u0104GNI\u0118\u0106-UCZNI\u00d3W-W-CZASIE-KSZTA\u0141CENIA-NA-ODLEG\u0141O\u015a\u0106.pdf\" target=\"_blank\" rel=\"noopener noreferrer\">Sposoby i formy sprawdzania osi\u0105gni\u0119\u0107 uczni\u00f3w w czasie kszta\u0142cenia na odleg\u0142o\u015b\u0107<\/a><\/p>\n<p>Drodzy uczniowie, na tej stronie, w zak\u0142adkach poszczeg\u00f3lnych klas znajduj\u0105 si\u0119 materia\u0142y przeznaczone dla Was na poszczeg\u00f3lne dni nauki. Znajdziecie tu r\u00f3wnie\u017c inspiracje do zaj\u0119\u0107 w ramach \u015bwietlicy, informacje dotycz\u0105ce biblioteki szkolnej oraz zak\u0142adk\u0119 pedagoga.<\/p>\n<p>Je\u015bli macie problem z jakim\u015b zadaniem, potrzebujecie dodatkowych obja\u015bnie\u0144 lub chcecie \u017ceby nauczyciel sprawdzi\u0142 Wasz\u0105 prac\u0119, wy\u015blijcie wiadomo\u015b\u0107 na adres: <strong>spstanislaw.pracawdomu@gmail.com<\/strong><br \/>\nW tytule maila wpiszcie swoje imi\u0119 i nazwisko oraz przedmiot np. Jan Kowalski &#8211; Historia. W razie w\u0105tpliwo\u015bci, zawsze mo\u017cecie si\u0119 te\u017c kontaktowa\u0107 z nauczycielem poprzez dziennik elektroniczny.<\/p>\n<p><span id=\"txtFiledTrescWiadomosci-outerCt\" role=\"presentation\">W okresie kszta\u0142cenia na odleg\u0142o\u015b\u0107 ka\u017cdy rodzic ma mo\u017cliwo\u015b\u0107 wypo\u017cyczenia dla swojego dziecka ksi\u0105\u017cek w bibliotece szkolnej (poniedzia\u0142ek i \u015broda w godz. 8.00-12.00) po uprzednim kontakcie telefonicznym &#8211; 692065812.<br \/>\nW obecnej sytuacji nie zwracamy ksi\u0105\u017cek, kt\u00f3re by\u0142y wypo\u017cyczone wcze\u015bniej.<br \/>\n<\/span><\/p>\n<p style=\"text-align: center;\"><a href=\"http:\/\/sp1stanislawdolny.edu.pl\/wp-content\/uploads\/2020\/03\/Ksztalcenie_na_odleglosc_\u2013_poradnik_dla_szkol.pdf\" target=\"_blank\" rel=\"noopener noreferrer\">Kszta\u0142cenie na odleg\u0142o\u015b\u0107 \u2013 poradnik dla szk\u00f3\u0142<\/a><\/p>\n<p style=\"text-align: center;\"><a href=\"http:\/\/sp1stanislawdolny.edu.pl\/wp-content\/uploads\/2020\/03\/Warunki-do-nauki-Informacja-dla-Rodzic\u00f3w.pdf\" target=\"_blank\" rel=\"noopener noreferrer\">Warunki do nauki &#8211; Informacja dla Rodzic\u00f3w<\/a><\/p>\n<p style=\"text-align: center;\"><a href=\"http:\/\/sp1stanislawdolny.edu.pl\/wp-content\/uploads\/2020\/04\/pomoc-emocjonalna-poprawiony.jpg\" target=\"_blank\" rel=\"noopener noreferrer\">Pierwsza Pomoc Emocjonalna &#8211; Poradnia PP w Wadowicach<\/a><\/p>\n<p style=\"text-align: center;\"><a href=\"http:\/\/sp1stanislawdolny.edu.pl\/wp-content\/uploads\/2020\/05\/informacja-pomoc-w-kryzysie.pdf\" target=\"_blank\" rel=\"noopener noreferrer\">Pomoc w kryzysie &#8211; O\u015brodek Interwencji Kryzysowej w Radoczy<\/a><\/p>\n<p style=\"text-align: center;\"><span style=\"font-size: 12pt;\"><a href=\"http:\/\/sp1stanislawdolny.edu.pl\/wp-content\/uploads\/2020\/04\/Materia\u0142y-pomocnicze-dla-rodzic\u00f3w-uczni\u00f3w-z-realizuj\u0105cych-orzeczenia-o-potrzebie-kszta\u0142cenia-specjalnego.-.pdf\" target=\"_blank\" rel=\"noopener noreferrer\">Materia\u0142y pomocnicze dla rodzic\u00f3w uczni\u00f3w posiadaj\u0105cych orzeczenia <\/a><a href=\"http:\/\/sp1stanislawdolny.edu.pl\/wp-content\/uploads\/2020\/04\/Materia\u0142y-pomocnicze-dla-rodzic\u00f3w-uczni\u00f3w-z-realizuj\u0105cych-orzeczenia-o-potrzebie-kszta\u0142cenia-specjalnego.-.pdf\" target=\"_blank\" rel=\"noopener noreferrer\">o potrzebie kszta\u0142cenia spec.<\/a><\/span><\/p>\n<p style=\"text-align: center;\"><span id=\"txtFiledTrescWiadomosci-outerCt\" role=\"presentation\"><a href=\"http:\/\/sp1stanislawdolny.edu.pl\/wp-content\/uploads\/2020\/03\/LIST-OD-TWOJEGO-NAUCZYCIELA.pdf\"><span style=\"font-size: 12pt;\">LIST OD TWOJEGO NAUCZYCIELA<\/span><\/a><\/span><\/p>\n<p style=\"text-align: center;\"><a href=\"http:\/\/sp1stanislawdolny.edu.pl\/wp-content\/uploads\/2020\/03\/PLANER-NAUKA-W-DOMU.pdf\">PLANER NAUKA W DOMU<\/a><\/p>\n<hr \/>\n<p style=\"text-align: left;\"><a href=\"http:\/\/sp1stanislawdolny.edu.pl\/index.php\/oddzialy-przedszkolne\/\">Oddzia\u0142y przedszkolne<\/a><\/p>\n<p><a href=\"http:\/\/sp1stanislawdolny.edu.pl\/index.php\/klasa-i\/\">Klasa I<\/a><\/p>\n<p><a href=\"http:\/\/sp1stanislawdolny.edu.pl\/index.php\/klasa-ii\/\">Klasa II<\/a><\/p>\n<p><a href=\"http:\/\/sp1stanislawdolny.edu.pl\/index.php\/klasa-iii\/\">Klasa III<\/a><\/p>\n<p><a href=\"http:\/\/sp1stanislawdolny.edu.pl\/index.php\/klasa-v\/\">Klasa Va<\/a><\/p>\n<p><a href=\"http:\/\/sp1stanislawdolny.edu.pl\/index.php\/klasa-vb\/\">Klasa Vb<\/a><\/p>\n<p><a href=\"http:\/\/sp1stanislawdolny.edu.pl\/index.php\/klasa-vi\/\">Klasa VI<\/a><\/p>\n<p><a href=\"http:\/\/sp1stanislawdolny.edu.pl\/index.php\/klasa-vii\/\">Klasa VII<\/a><\/p>\n<p><a href=\"http:\/\/sp1stanislawdolny.edu.pl\/index.php\/klasa-viii\/\">Klasa VIII<\/a><\/p>\n<hr \/>\n<p style=\"text-align: center;\">Zach\u0119camy do udzia\u0142u w<\/p>\n<p style=\"text-align: center;\"><a href=\"http:\/\/sp1stanislawdolny.edu.pl\/index.php\/konkursy-przyrodnicze\/\"><span style=\"font-size: 14pt;\">KONKURSACH PRZYRODNICZYCH\u00a0<\/span><\/a><\/p>\n<hr \/>\n<p style=\"text-align: center;\">Dla dzieci ucz\u0119szczaj\u0105cych na \u015bwietlic\u0119 i nie tylko<\/p>\n<p style=\"text-align: center;\"><span style=\"font-size: 14pt;\"><a href=\"http:\/\/sp1stanislawdolny.edu.pl\/index.php\/swietlica-cwiczenia\/\">\u015aWIETLICA<\/a><\/span><\/p>\n<p style=\"text-align: center;\"><span style=\"font-size: 14pt;\"><a href=\"http:\/\/sp1stanislawdolny.edu.pl\/index.php\/swietlica-przedszkolna\/\">\u015aWIETLICA PRZEDSZKOLNA<\/a><\/span><\/p>\n<hr \/>\n<p style=\"text-align: center;\">Zajrzyjcie te\u017c do<\/p>\n<p style=\"text-align: center;\"><span style=\"font-size: 14pt;\"><a href=\"http:\/\/sp1stanislawdolny.edu.pl\/index.php\/biblioteka\/\">BIBLIOTEKI<\/a><\/span><\/p>\n<hr \/>\n<p style=\"text-align: center;\">Zobaczcie co przygotowa\u0142 dla Was<\/p>\n<p style=\"text-align: center;\"><a href=\"http:\/\/sp1stanislawdolny.edu.pl\/index.php\/pedagog-szkolny\/\"><span style=\"font-size: 14pt;\">PEDAGOG SZKOLNY<\/span><\/a><\/p>\n","protected":false},"excerpt":{"rendered":"<p>INFORMACJA DLA RODZIC\u00d3W PLAN LEKCJI Formy i terminy konsultacji z uczniami i rodzicami Sposoby i formy sprawdzania osi\u0105gni\u0119\u0107 uczni\u00f3w w czasie kszta\u0142cenia na odleg\u0142o\u015b\u0107 Drodzy uczniowie, na tej stronie, w zak\u0142adkach poszczeg\u00f3lnych klas znajduj\u0105 si\u0119 materia\u0142y przeznaczone dla Was na poszczeg\u00f3lne dni nauki. Znajdziecie tu r\u00f3wnie\u017c inspiracje do zaj\u0119\u0107 w ramach \u015bwietlicy, informacje dotycz\u0105ce biblioteki\u2026 <span class=\"read-more\"><a href=\"http:\/\/sp1stanislawdolny.edu.pl\/index.php\/nauka-w-domu-cwiczenia-utrwalajace\/\">Dowiedz si\u0119 wi\u0119cej &raquo;<\/a><\/span><\/p>\n","protected":false},"author":1,"featured_media":0,"parent":0,"menu_order":0,"comment_status":"closed","ping_status":"closed","template":"","meta":{"ngg_post_thumbnail":0,"footnotes":""},"class_list":["post-580","page","type-page","status-publish","hentry"],"_links":{"self":[{"href":"http:\/\/sp1stanislawdolny.edu.pl\/index.php\/wp-json\/wp\/v2\/pages\/580","targetHints":{"allow":["GET"]}}],"collection":[{"href":"http:\/\/sp1stanislawdolny.edu.pl\/index.php\/wp-json\/wp\/v2\/pages"}],"about":[{"href":"http:\/\/sp1stanislawdolny.edu.pl\/index.php\/wp-json\/wp\/v2\/types\/page"}],"author":[{"embeddable":true,"href":"http:\/\/sp1stanislawdolny.edu.pl\/index.php\/wp-json\/wp\/v2\/users\/1"}],"replies":[{"embeddable":true,"href":"http:\/\/sp1stanislawdolny.edu.pl\/index.php\/wp-json\/wp\/v2\/comments?post=580"}],"version-history":[{"count":48,"href":"http:\/\/sp1stanislawdolny.edu.pl\/index.php\/wp-json\/wp\/v2\/pages\/580\/revisions"}],"predecessor-version":[{"id":3864,"href":"http:\/\/sp1stanislawdolny.edu.pl\/index.php\/wp-json\/wp\/v2\/pages\/580\/revisions\/3864"}],"wp:attachment":[{"href":"http:\/\/sp1stanislawdolny.edu.pl\/index.php\/wp-json\/wp\/v2\/media?parent=580"}],"curies":[{"name":"wp","href":"https:\/\/api.w.org\/{rel}","templated":true}]}}