{"id":5713,"date":"2021-04-30T16:08:56","date_gmt":"2021-04-30T16:08:56","guid":{"rendered":"http:\/\/sp1stanislawdolny.edu.pl\/?page_id=5713"},"modified":"2021-04-30T16:24:53","modified_gmt":"2021-04-30T16:24:53","slug":"majowe-swieta","status":"publish","type":"page","link":"http:\/\/sp1stanislawdolny.edu.pl\/index.php\/majowe-swieta\/","title":{"rendered":"Majowe \u015awi\u0119ta"},"content":{"rendered":"<p style=\"text-align: center;\"><a href=\"http:\/\/sp1stanislawdolny.edu.pl\/wp-content\/uploads\/2021\/04\/majowe-swieta.pdf\" target=\"_blank\" rel=\"noopener\"><img loading=\"lazy\" decoding=\"async\" class=\"alignnone wp-image-5714 \" src=\"http:\/\/sp1stanislawdolny.edu.pl\/wp-content\/uploads\/2021\/04\/1-1-1024x576.jpg\" alt=\"\" width=\"546\" height=\"307\" srcset=\"http:\/\/sp1stanislawdolny.edu.pl\/wp-content\/uploads\/2021\/04\/1-1-1024x576.jpg 1024w, http:\/\/sp1stanislawdolny.edu.pl\/wp-content\/uploads\/2021\/04\/1-1-300x169.jpg 300w, http:\/\/sp1stanislawdolny.edu.pl\/wp-content\/uploads\/2021\/04\/1-1-768x432.jpg 768w, http:\/\/sp1stanislawdolny.edu.pl\/wp-content\/uploads\/2021\/04\/1-1-660x372.jpg 660w, http:\/\/sp1stanislawdolny.edu.pl\/wp-content\/uploads\/2021\/04\/1-1.jpg 1080w\" sizes=\"auto, (max-width: 546px) 100vw, 546px\" \/><\/a><\/p>\n<div style=\"width: 665px;\" class=\"wp-video\"><video class=\"wp-video-shortcode\" id=\"video-5713-1\" width=\"665\" height=\"374\" preload=\"metadata\" controls=\"controls\"><source type=\"video\/mp4\" src=\"http:\/\/sp1stanislawdolny.edu.pl\/wp-content\/uploads\/2021\/04\/00009_x264.mp4?_=1\" \/><a href=\"http:\/\/sp1stanislawdolny.edu.pl\/wp-content\/uploads\/2021\/04\/00009_x264.mp4\">http:\/\/sp1stanislawdolny.edu.pl\/wp-content\/uploads\/2021\/04\/00009_x264.mp4<\/a><\/video><\/div>\n<hr \/>\n<p style=\"text-align: center;\">Majowe \u015bwi\u0119ta w oddziale 0A<\/p>\n<p style=\"text-align: center;\"><a href=\"https:\/\/photos.app.goo.gl\/CQtrqdj9VHAs8tLcA\" target=\"_blank\" rel=\"noopener\"><img loading=\"lazy\" decoding=\"async\" class=\"alignnone wp-image-5716 size-thumbnail\" src=\"http:\/\/sp1stanislawdolny.edu.pl\/wp-content\/uploads\/2021\/04\/IMG-20210430-WA0008-150x150.jpg\" alt=\"\" width=\"150\" height=\"150\" \/><\/a><\/p>\n<hr \/>\n<p style=\"text-align: center;\">&#8222;Mazurek 3 Maja&#8221; &#8211; Wiktoria G\u00f3rny klasa VII<\/p>\n<audio class=\"wp-audio-shortcode\" id=\"audio-5713-1\" preload=\"none\" style=\"width: 100%;\" controls=\"controls\"><source type=\"audio\/mpeg\" src=\"http:\/\/sp1stanislawdolny.edu.pl\/wp-content\/uploads\/2021\/04\/Mazurek-3-maja.mp3?_=1\" \/><a href=\"http:\/\/sp1stanislawdolny.edu.pl\/wp-content\/uploads\/2021\/04\/Mazurek-3-maja.mp3\">http:\/\/sp1stanislawdolny.edu.pl\/wp-content\/uploads\/2021\/04\/Mazurek-3-maja.mp3<\/a><\/audio>\n<hr \/>\n<p style=\"text-align: center;\">&#8222;P\u0142ynie Wis\u0142a P\u0142ynie&#8221; &#8211; przedszkolaki z oddzia\u0142u 0B<\/p>\n<div style=\"width: 665px;\" class=\"wp-video\"><video class=\"wp-video-shortcode\" id=\"video-5713-2\" width=\"665\" height=\"374\" preload=\"metadata\" controls=\"controls\"><source type=\"video\/mp4\" src=\"http:\/\/sp1stanislawdolny.edu.pl\/wp-content\/uploads\/2021\/04\/00008_x264.mp4?_=2\" \/><a href=\"http:\/\/sp1stanislawdolny.edu.pl\/wp-content\/uploads\/2021\/04\/00008_x264.mp4\">http:\/\/sp1stanislawdolny.edu.pl\/wp-content\/uploads\/2021\/04\/00008_x264.mp4<\/a><\/video><\/div>\n<p style=\"text-align: center;\"><a href=\"http:\/\/sp1stanislawdolny.edu.pl\/wp-content\/uploads\/2021\/04\/DSC00778-scaled.jpg\"><img loading=\"lazy\" decoding=\"async\" class=\"alignnone wp-image-5723 size-large\" src=\"http:\/\/sp1stanislawdolny.edu.pl\/wp-content\/uploads\/2021\/04\/DSC00778-1024x768.jpg\" alt=\"\" width=\"665\" height=\"499\" srcset=\"http:\/\/sp1stanislawdolny.edu.pl\/wp-content\/uploads\/2021\/04\/DSC00778-1024x768.jpg 1024w, http:\/\/sp1stanislawdolny.edu.pl\/wp-content\/uploads\/2021\/04\/DSC00778-300x225.jpg 300w, http:\/\/sp1stanislawdolny.edu.pl\/wp-content\/uploads\/2021\/04\/DSC00778-768x576.jpg 768w, http:\/\/sp1stanislawdolny.edu.pl\/wp-content\/uploads\/2021\/04\/DSC00778-1536x1152.jpg 1536w, http:\/\/sp1stanislawdolny.edu.pl\/wp-content\/uploads\/2021\/04\/DSC00778-2048x1536.jpg 2048w, http:\/\/sp1stanislawdolny.edu.pl\/wp-content\/uploads\/2021\/04\/DSC00778-660x495.jpg 660w\" sizes=\"auto, (max-width: 665px) 100vw, 665px\" \/><\/a><\/p>\n","protected":false},"excerpt":{"rendered":"<p>Majowe \u015bwi\u0119ta w oddziale 0A &#8222;Mazurek 3 Maja&#8221; &#8211; Wiktoria G\u00f3rny klasa VII &#8222;P\u0142ynie Wis\u0142a P\u0142ynie&#8221; &#8211; przedszkolaki z oddzia\u0142u 0B<\/p>\n","protected":false},"author":1,"featured_media":0,"parent":0,"menu_order":0,"comment_status":"closed","ping_status":"closed","template":"","meta":{"ngg_post_thumbnail":0,"footnotes":""},"class_list":["post-5713","page","type-page","status-publish","hentry"],"_links":{"self":[{"href":"http:\/\/sp1stanislawdolny.edu.pl\/index.php\/wp-json\/wp\/v2\/pages\/5713","targetHints":{"allow":["GET"]}}],"collection":[{"href":"http:\/\/sp1stanislawdolny.edu.pl\/index.php\/wp-json\/wp\/v2\/pages"}],"about":[{"href":"http:\/\/sp1stanislawdolny.edu.pl\/index.php\/wp-json\/wp\/v2\/types\/page"}],"author":[{"embeddable":true,"href":"http:\/\/sp1stanislawdolny.edu.pl\/index.php\/wp-json\/wp\/v2\/users\/1"}],"replies":[{"embeddable":true,"href":"http:\/\/sp1stanislawdolny.edu.pl\/index.php\/wp-json\/wp\/v2\/comments?post=5713"}],"version-history":[{"count":5,"href":"http:\/\/sp1stanislawdolny.edu.pl\/index.php\/wp-json\/wp\/v2\/pages\/5713\/revisions"}],"predecessor-version":[{"id":5728,"href":"http:\/\/sp1stanislawdolny.edu.pl\/index.php\/wp-json\/wp\/v2\/pages\/5713\/revisions\/5728"}],"wp:attachment":[{"href":"http:\/\/sp1stanislawdolny.edu.pl\/index.php\/wp-json\/wp\/v2\/media?parent=5713"}],"curies":[{"name":"wp","href":"https:\/\/api.w.org\/{rel}","templated":true}]}}