{"id":4425,"date":"2020-06-22T21:12:42","date_gmt":"2020-06-22T21:12:42","guid":{"rendered":"http:\/\/sp1stanislawdolny.edu.pl\/?page_id=4425"},"modified":"2020-06-23T05:12:04","modified_gmt":"2020-06-23T05:12:04","slug":"niespodzianka-na-dzien-taty","status":"publish","type":"page","link":"http:\/\/sp1stanislawdolny.edu.pl\/index.php\/niespodzianka-na-dzien-taty\/","title":{"rendered":"Niespodzianka na Dzie\u0144 Taty"},"content":{"rendered":"<p style=\"text-align: center;\"><span style=\"font-size: 14pt; font-family: book antiqua, palatino, serif;\">Wszystkim Tatom, w dniu ich \u015bwi\u0119ta, \u017cyczymy spokoju i zdrowia,<\/span><br \/>\n<span style=\"font-size: 14pt; font-family: book antiqua, palatino, serif;\">rado\u015bci i dobrego humoru<\/span><br \/>\n<span style=\"font-size: 14pt; font-family: book antiqua, palatino, serif;\">oraz dumy z dzieci<\/span><\/p>\n<hr \/>\n<p>B\u0142\u0119kitny czas &#8211; Wiktoria G\u00f3rny -klasa VI<\/p>\n<audio class=\"wp-audio-shortcode\" id=\"audio-4425-1\" preload=\"none\" style=\"width: 100%;\" controls=\"controls\"><source type=\"audio\/mpeg\" src=\"http:\/\/sp1stanislawdolny.edu.pl\/wp-content\/uploads\/2020\/06\/B\u0142\u0119kitny-czas.mp3?_=1\" \/><a href=\"http:\/\/sp1stanislawdolny.edu.pl\/wp-content\/uploads\/2020\/06\/B\u0142\u0119kitny-czas.mp3\">http:\/\/sp1stanislawdolny.edu.pl\/wp-content\/uploads\/2020\/06\/B\u0142\u0119kitny-czas.mp3<\/a><\/audio>\n<hr \/>\n<p style=\"text-align: center;\">Laurki od klas 0-III<\/p>\n<p><a href=\"https:\/\/photos.app.goo.gl\/3YRyZGJ6wjRRwiCV7\" target=\"_blank\" rel=\"noopener noreferrer\"><img loading=\"lazy\" decoding=\"async\" class=\"wp-image-4427 size-thumbnail aligncenter\" src=\"http:\/\/sp1stanislawdolny.edu.pl\/wp-content\/uploads\/2020\/06\/laur-42-150x150.jpg\" alt=\"\" width=\"150\" height=\"150\" \/><\/a><\/p>\n<hr \/>\n<p>Morskie opowie\u015bci &#8211; Dawid El\u017cbieciak &#8211; klasa Vb<\/p>\n<audio class=\"wp-audio-shortcode\" id=\"audio-4425-2\" preload=\"none\" style=\"width: 100%;\" controls=\"controls\"><source type=\"audio\/mpeg\" src=\"http:\/\/sp1stanislawdolny.edu.pl\/wp-content\/uploads\/2020\/06\/Morskie-opowie\u015bci.mp3?_=2\" \/><a href=\"http:\/\/sp1stanislawdolny.edu.pl\/wp-content\/uploads\/2020\/06\/Morskie-opowie\u015bci.mp3\">http:\/\/sp1stanislawdolny.edu.pl\/wp-content\/uploads\/2020\/06\/Morskie-opowie\u015bci.mp3<\/a><\/audio>\n<hr \/>\n<p>Niejeden Tata jest wystrza\u0142owy jak rakieta z animacji Micha\u0142a z klasy VII<\/p>\n<p><video controls=\"controls\" width=\"423\" height=\"423\"><source src=\"http:\/\/sp1stanislawdolny.edu.pl\/wp-content\/uploads\/2020\/06\/FullSizeRender.mov\" \/><\/video><\/p>\n<hr \/>\n<p>Lato, lato &#8211; Julia Wawro &#8211; klasa Vb<\/p>\n<audio class=\"wp-audio-shortcode\" id=\"audio-4425-3\" preload=\"none\" style=\"width: 100%;\" controls=\"controls\"><source type=\"audio\/mpeg\" src=\"http:\/\/sp1stanislawdolny.edu.pl\/wp-content\/uploads\/2020\/06\/Lato-lato.mp3?_=3\" \/><a href=\"http:\/\/sp1stanislawdolny.edu.pl\/wp-content\/uploads\/2020\/06\/Lato-lato.mp3\">http:\/\/sp1stanislawdolny.edu.pl\/wp-content\/uploads\/2020\/06\/Lato-lato.mp3<\/a><\/audio>\n<hr \/>\n<p style=\"text-align: center;\">Laurki od klas V-VIII<\/p>\n<p><a href=\"https:\/\/photos.app.goo.gl\/tzZYodToMQyxf5UVA\" target=\"_blank\" rel=\"noopener noreferrer\"><img loading=\"lazy\" decoding=\"async\" class=\"wp-image-4431 size-thumbnail aligncenter\" src=\"http:\/\/sp1stanislawdolny.edu.pl\/wp-content\/uploads\/2020\/06\/laur-1-150x150.jpg\" alt=\"\" width=\"150\" height=\"150\" \/><\/a><\/p>\n<hr \/>\n<p>Piosenka wiosenna -Wiktoria G\u00f3rny &#8211; klasa VI<\/p>\n<audio class=\"wp-audio-shortcode\" id=\"audio-4425-4\" preload=\"none\" style=\"width: 100%;\" controls=\"controls\"><source type=\"audio\/mpeg\" src=\"http:\/\/sp1stanislawdolny.edu.pl\/wp-content\/uploads\/2020\/06\/Piosenka-wiosenna.mp3?_=4\" \/><a href=\"http:\/\/sp1stanislawdolny.edu.pl\/wp-content\/uploads\/2020\/06\/Piosenka-wiosenna.mp3\">http:\/\/sp1stanislawdolny.edu.pl\/wp-content\/uploads\/2020\/06\/Piosenka-wiosenna.mp3<\/a><\/audio>\n<hr \/>\n<p>Kartka z niespodziank\u0105 od Judyty z klasy VI<\/p>\n<p><video controls=\"controls\" width=\"439\" height=\"439\"><source src=\"http:\/\/sp1stanislawdolny.edu.pl\/wp-content\/uploads\/2020\/06\/Wideo.mov\" \/><\/video><\/p>\n<hr \/>\n<p style=\"text-align: center;\"><span style=\"font-size: 14pt;\">I raz jeszcze &#8211; wszystkiego co najlepsze.<\/span><\/p>\n<p style=\"text-align: center;\"><a href=\"http:\/\/sp1stanislawdolny.edu.pl\/wp-content\/uploads\/2020\/06\/kwiatki.png\"><img loading=\"lazy\" decoding=\"async\" class=\"alignnone size-thumbnail wp-image-4436\" src=\"http:\/\/sp1stanislawdolny.edu.pl\/wp-content\/uploads\/2020\/06\/kwiatki-150x150.png\" alt=\"\" width=\"150\" height=\"150\" \/><\/a><\/p>\n","protected":false},"excerpt":{"rendered":"<p>Wszystkim Tatom, w dniu ich \u015bwi\u0119ta, \u017cyczymy spokoju i zdrowia, rado\u015bci i dobrego humoru oraz dumy z dzieci B\u0142\u0119kitny czas &#8211; Wiktoria G\u00f3rny -klasa VI Laurki od klas 0-III Morskie opowie\u015bci &#8211; Dawid El\u017cbieciak &#8211; klasa Vb Niejeden Tata jest wystrza\u0142owy jak rakieta z animacji Micha\u0142a z klasy VII Lato, lato &#8211; Julia Wawro &#8211;\u2026 <span class=\"read-more\"><a href=\"http:\/\/sp1stanislawdolny.edu.pl\/index.php\/niespodzianka-na-dzien-taty\/\">Dowiedz si\u0119 wi\u0119cej &raquo;<\/a><\/span><\/p>\n","protected":false},"author":1,"featured_media":0,"parent":0,"menu_order":0,"comment_status":"closed","ping_status":"closed","template":"","meta":{"ngg_post_thumbnail":0,"footnotes":""},"class_list":["post-4425","page","type-page","status-publish","hentry"],"_links":{"self":[{"href":"http:\/\/sp1stanislawdolny.edu.pl\/index.php\/wp-json\/wp\/v2\/pages\/4425","targetHints":{"allow":["GET"]}}],"collection":[{"href":"http:\/\/sp1stanislawdolny.edu.pl\/index.php\/wp-json\/wp\/v2\/pages"}],"about":[{"href":"http:\/\/sp1stanislawdolny.edu.pl\/index.php\/wp-json\/wp\/v2\/types\/page"}],"author":[{"embeddable":true,"href":"http:\/\/sp1stanislawdolny.edu.pl\/index.php\/wp-json\/wp\/v2\/users\/1"}],"replies":[{"embeddable":true,"href":"http:\/\/sp1stanislawdolny.edu.pl\/index.php\/wp-json\/wp\/v2\/comments?post=4425"}],"version-history":[{"count":10,"href":"http:\/\/sp1stanislawdolny.edu.pl\/index.php\/wp-json\/wp\/v2\/pages\/4425\/revisions"}],"predecessor-version":[{"id":4450,"href":"http:\/\/sp1stanislawdolny.edu.pl\/index.php\/wp-json\/wp\/v2\/pages\/4425\/revisions\/4450"}],"wp:attachment":[{"href":"http:\/\/sp1stanislawdolny.edu.pl\/index.php\/wp-json\/wp\/v2\/media?parent=4425"}],"curies":[{"name":"wp","href":"https:\/\/api.w.org\/{rel}","templated":true}]}}