{"id":42,"date":"2020-01-31T17:31:46","date_gmt":"2020-01-31T17:31:46","guid":{"rendered":"http:\/\/sp1stanislawdolny.edu.pl\/?page_id=42"},"modified":"2026-01-28T13:57:10","modified_gmt":"2026-01-28T13:57:10","slug":"rekrutacja","status":"publish","type":"page","link":"http:\/\/sp1stanislawdolny.edu.pl\/index.php\/rekrutacja\/","title":{"rendered":"Rekrutacja"},"content":{"rendered":"<p style=\"text-align: center;\"><a href=\"https:\/\/samorzad.gov.pl\/web\/gmina-kalwaria-zebrzydowska\/rekrutacja-w-roku-szkolnym-20262027\" target=\"_blank\" rel=\"noopener\"><span style=\"font-size: 18pt; color: #16a1e7;\">Rekrutacja w roku szkolnym 2026\/2027<\/span><\/a><\/p>\n<p style=\"text-align: center;\"><a href=\"http:\/\/sp1stanislawdolny.edu.pl\/wp-content\/uploads\/2026\/01\/Informacja-RODO-w-zwiazku-z-rekrutacja-do-jednostki.pdf\" target=\"_blank\" rel=\"noopener\">Informacja RODO w zwi\u0105zku z rekrutacj\u0105 do jednostki<\/a><\/p>\n<p><strong>Kontynuacja wychowania przedszkolnego<\/strong><\/p>\n<p>Rodzice\/prawni opiekunowie dzieci aktualnie ucz\u0119szczaj\u0105cych do danego przedszkola lub oddzia\u0142u przedszkolnego w szkole podstawowej, w tym dzieci z odroczonym obowi\u0105zkiem szkolnym, sk\u0142adaj\u0105 na rok szkolny 2026\/2027 deklaracj\u0119 o kontynuowaniu wychowania przedszkolnego w tym przedszkolu lub oddziale przedszkolnym w szkole podstawowej, w terminie 7 dni poprzedzaj\u0105cych termin rozpocz\u0119cia post\u0119powania rekrutacyjnego, tj. <strong>od 17.02.2026 r. do 23.02.2026 r.<\/strong> Niez\u0142o\u017cenie deklaracji oznacza\u0107 b\u0119dzie rezygnacj\u0119 z miejsca w aktualnym przedszkolu lub oddziale przedszkolnym w szkole podstawowej.&nbsp;<\/p>\n<p><strong>Dzieci, kt\u00f3re kontynuuj\u0105 wychowanie przedszkolne, nie bior\u0105 udzia\u0142u w rekrutacji.<\/strong><\/p>\n<p><strong>REKRUTACJA DO&nbsp;PRZEDSZKOLA\/ ODDZIA\u0141U PRZEDSZKOLNEGO&nbsp;<\/strong><\/p>\n<p>Z\u0142o\u017cenie wniosku o przyj\u0119cie do przedszkola lub oddzia\u0142u przedszkolnego w szkole podstawowej wraz z dokumentami potwierdzaj\u0105cymi spe\u0142nianie przez kandydata warunk\u00f3w lub kryteri\u00f3w branych pod uwag\u0119 w post\u0119powaniu rekrutacyjnym<strong>&#8211; od 24 luty do 10 marca 2026r.<\/strong><\/p>\n<p><a href=\"http:\/\/sp1stanislawdolny.edu.pl\/wp-content\/uploads\/2026\/01\/Wniosek-2026-2027.doc\">Wniosek 2026 2027<\/a><\/p>\n<p><a href=\"http:\/\/sp1stanislawdolny.edu.pl\/wp-content\/uploads\/2026\/01\/1.-Oswiadczenie-o-braniu-udzialu-w-rekrutacji-w-poprzednim-roku-szkolnym.docx\">1. O\u015bwiadczenie o braniu udzia\u0142u w rekrutacji w poprzednim roku szkolnym<\/a><\/p>\n<p><a href=\"http:\/\/sp1stanislawdolny.edu.pl\/wp-content\/uploads\/2026\/01\/2.-Oswiadczenie-o-dacie-urodzenia-dziecka-6-latki.docx\">2. O\u015bwiadczenie o dacie urodzenia dziecka-6 latki<\/a><\/p>\n<p><a href=\"http:\/\/sp1stanislawdolny.edu.pl\/wp-content\/uploads\/2026\/01\/3.-Oswiadczenie-o-dacie-urodzenia-dziecka-dzieci-mlodsze.docx\">3. O\u015bwiadczenie o dacie urodzenia dziecka-dzieci m\u0142odsze<\/a><\/p>\n<p><a href=\"http:\/\/sp1stanislawdolny.edu.pl\/wp-content\/uploads\/2026\/01\/4.-Oswiadczenie-o-samotnym-wychowaniu-dziecka.docx\">4. O\u015bwiadczenie o samotnym wychowaniu dziecka<\/a><\/p>\n<p><a href=\"http:\/\/sp1stanislawdolny.edu.pl\/wp-content\/uploads\/2026\/01\/5.-Oswiadczenie-o-uczeszczaniu-rodzenstwa-do-szkoly.docx\">5. O\u015bwiadczenie o ucz\u0119szczaniu rodze\u0144stwa do szko\u0142y<\/a><\/p>\n<p><a href=\"http:\/\/sp1stanislawdolny.edu.pl\/wp-content\/uploads\/2026\/01\/6.-Oswiadczenie-o-wielodzietnosci.docx\">6. O\u015bwiadczenie o wielodzietno\u015bci<\/a><\/p>\n<p><a href=\"http:\/\/sp1stanislawdolny.edu.pl\/wp-content\/uploads\/2026\/01\/7.-Oswiadczenie-o-zatrudnieniu-jednego-rodzica.docx\">7. O\u015bwiadczenie o zatrudnieniu jednego rodzica<\/a><\/p>\n<p><a href=\"http:\/\/sp1stanislawdolny.edu.pl\/wp-content\/uploads\/2026\/01\/8.-Oswiadczenie-o-zatrudnieniu-obojga-rodzicow.docx\">8. O\u015bwiadczenie o zatrudnieniu obojga rodzic\u00f3w<\/a><\/p>\n<p><a href=\"http:\/\/sp1stanislawdolny.edu.pl\/wp-content\/uploads\/2026\/01\/Potwierdzenie-woli-oddzial-przedszkolny.doc\">Potwierdzenie woli oddzia\u0142 przedszkolny<\/a><\/p>\n<hr>\n<p><strong>REKRUTACJA DO KLASY I<\/strong><\/p>\n<p>W roku szkolnym 2026\/2027 zgodnie z zasadami okre\u015blonymi w ustawie z dnia 14 grudnia 2016 r. &#8211; Prawo o\u015bwiatowe (t.j.: Dz.U. z 2025 r. poz. 1043 ze zm<u>.) do klasy pierwszej szko\u0142y podstawowej przyjmuje si\u0119 z urz\u0119du dzieci zamieszka\u0142e w obwodzie danej szko\u0142y \u2013 w\u00f3wczas dzieci nie bior\u0105 udzia\u0142u w post\u0119powaniu rekrutacyjnym.<\/u><\/p>\n<p><strong>Uwaga:<\/strong><\/p>\n<p>Rodzice \/Prawni opiekunowie dzieci zamieszka\u0142ych w obwodzie danej szko\u0142y podstawowej, <u>zg\u0142aszaj\u0105 <\/u>w tej szkole dziecko do klasy I szko\u0142y podstawowej &#8211; przyj\u0119cie nast\u0119puje z urz\u0119du na podstawie ww zg\u0142oszenia, popartego o\u015bwiadczeniem o miejscu zamieszkania dziecka i Rodzic\u00f3w \/Prawnych opiekun\u00f3w.&nbsp;<strong>Zg\u0142oszenie sk\u0142adamy do&nbsp;ko\u0144ca marca 2026r.<\/strong> w sekretariacie szko\u0142y.&nbsp;Formularz zg\u0142oszeniowy mo\u017cna b\u0119dzie pobra\u0107 ze&nbsp;strony szko\u0142y lub osobi\u015bcie z sekretariatu w godzinach 7.00-15.00.<\/p>\n<p><strong><em>Post\u0119powanie rekrutacyjne&nbsp; do klas pierwszych szk\u00f3\u0142&nbsp; podstawowych prowadzi si\u0119&nbsp; w przypadku wolnych miejsc dla uczni\u00f3w zamieszka\u0142ych poza obwodem danej szko\u0142y podstawowej, <\/em><\/strong><\/p>\n<p>Z\u0142o\u017cenie wniosku o przyj\u0119cie do szko\u0142y podstawowej wraz z dokumentami potwierdzaj\u0105cymi spe\u0142nianie przez kandydata warunk\u00f3w lub kryteri\u00f3w branych pod uwag\u0119 w post\u0119powaniu rekrutacyjnym- <strong>od 13 kwietnia do 17 kwietnia 2026r.<\/strong><\/p>\n<p><a href=\"http:\/\/sp1stanislawdolny.edu.pl\/wp-content\/uploads\/2026\/01\/zgloszenie-do-kl.-I-dzieci-z-obwodu.doc\">Zg\u0142oszenie do kl. I dzieci z obwodu<\/a><\/p>\n<p><a href=\"http:\/\/sp1stanislawdolny.edu.pl\/wp-content\/uploads\/2026\/01\/D.-Oswiadczenie-o-miejscu-zamieszkania.doc\">D. O\u015bwiadczenie o miejscu zamieszkania<\/a><\/p>\n<p><a href=\"http:\/\/sp1stanislawdolny.edu.pl\/wp-content\/uploads\/2026\/01\/E.-Oswiadczenie-o-zatrudnieniu-rodzica-w-obwodzie-szkoly.docx\">E. O\u015bwiadczenie o zatrudnieniu rodzica w obwodzie szko\u0142y<\/a><\/p>\n<p><a href=\"http:\/\/sp1stanislawdolny.edu.pl\/wp-content\/uploads\/2026\/01\/Potwierdzenie-woli-do-klasy-I.doc\">Potwierdzenie woli do klasy I<\/a><\/p>\n<p><a href=\"http:\/\/sp1stanislawdolny.edu.pl\/wp-content\/uploads\/2026\/01\/Wniosek-do-kl.-I-spoza-obwodu.doc\">Wniosek do kl. I spoza obwodu<\/a><\/p>\n<p>&nbsp;<\/p>\n","protected":false},"excerpt":{"rendered":"<p>Rekrutacja w roku szkolnym 2026\/2027 Informacja RODO w zwi\u0105zku z rekrutacj\u0105 do jednostki Kontynuacja wychowania przedszkolnego Rodzice\/prawni opiekunowie dzieci aktualnie ucz\u0119szczaj\u0105cych do danego przedszkola lub oddzia\u0142u przedszkolnego w szkole podstawowej, w tym dzieci z odroczonym obowi\u0105zkiem szkolnym, sk\u0142adaj\u0105 na rok szkolny 2026\/2027 deklaracj\u0119 o kontynuowaniu wychowania przedszkolnego w tym przedszkolu lub oddziale przedszkolnym w szkole\u2026 <span class=\"read-more\"><a href=\"http:\/\/sp1stanislawdolny.edu.pl\/index.php\/rekrutacja\/\">Dowiedz si\u0119 wi\u0119cej &raquo;<\/a><\/span><\/p>\n","protected":false},"author":1,"featured_media":0,"parent":0,"menu_order":0,"comment_status":"closed","ping_status":"closed","template":"","meta":{"ngg_post_thumbnail":0,"footnotes":""},"class_list":["post-42","page","type-page","status-publish","hentry"],"_links":{"self":[{"href":"http:\/\/sp1stanislawdolny.edu.pl\/index.php\/wp-json\/wp\/v2\/pages\/42","targetHints":{"allow":["GET"]}}],"collection":[{"href":"http:\/\/sp1stanislawdolny.edu.pl\/index.php\/wp-json\/wp\/v2\/pages"}],"about":[{"href":"http:\/\/sp1stanislawdolny.edu.pl\/index.php\/wp-json\/wp\/v2\/types\/page"}],"author":[{"embeddable":true,"href":"http:\/\/sp1stanislawdolny.edu.pl\/index.php\/wp-json\/wp\/v2\/users\/1"}],"replies":[{"embeddable":true,"href":"http:\/\/sp1stanislawdolny.edu.pl\/index.php\/wp-json\/wp\/v2\/comments?post=42"}],"version-history":[{"count":36,"href":"http:\/\/sp1stanislawdolny.edu.pl\/index.php\/wp-json\/wp\/v2\/pages\/42\/revisions"}],"predecessor-version":[{"id":12488,"href":"http:\/\/sp1stanislawdolny.edu.pl\/index.php\/wp-json\/wp\/v2\/pages\/42\/revisions\/12488"}],"wp:attachment":[{"href":"http:\/\/sp1stanislawdolny.edu.pl\/index.php\/wp-json\/wp\/v2\/media?parent=42"}],"curies":[{"name":"wp","href":"https:\/\/api.w.org\/{rel}","templated":true}]}}