{"id":334,"date":"2020-02-11T11:29:32","date_gmt":"2020-02-11T11:29:32","guid":{"rendered":"http:\/\/sp1stanislawdolny.edu.pl\/?page_id=334"},"modified":"2020-10-25T09:05:06","modified_gmt":"2020-10-25T09:05:06","slug":"dzien-patrona","status":"publish","type":"page","link":"http:\/\/sp1stanislawdolny.edu.pl\/index.php\/dzien-patrona\/","title":{"rendered":"Dzie\u0144 Patrona"},"content":{"rendered":"<p><strong>2020<\/strong><\/p>\n<p>22 pa\u017adziernika 2020 obchodzili\u015bmy \u015bwi\u0119to naszego Patrona. Jest nim wielki Polak, \u015bw. Jan Pawe\u0142 II.<\/p>\n<p>Ze wzgl\u0119du na zaostrzenie przepis\u00f3w, zwi\u0105zanych z epidemi\u0105, tylko\u00a0 przedstawiciele klas IV-VIII, dyrektor, nauczyciele- uczestniczyli we mszy \u015bwi\u0119tej w ko\u015bciele parafialnym. Opraw\u0105 muzyczn\u0105 zaj\u0119\u0142y si\u0119 p. D. Sarapata i W. G\u00f3rny z kl. VII.<\/p>\n<p>Dalsza cz\u0119\u015b\u0107 obchod\u00f3w, tak wa\u017cnego dla spo\u0142eczno\u015bci szkolnej \u015bwi\u0119ta, mia\u0142a miejsce w klasach.<\/p>\n<p>Przedszkolaki, uczniowie klas m\u0142odszych\u00a0 s\u0142uchali historii o \u017cyciu Karola Wojty\u0142y, ogl\u0105dali filmy i ksi\u0105\u017cki, zwi\u0105zane z Ojcem \u015awi\u0119tym.\u00a0 Wykonali tak\u017ce pi\u0119kne prace plastyczne, zgodnie z podanymi tematami: Posta\u0107 \u015bw. Jana Paw\u0142a II, \u015aw. Jan Pawe\u0142 II i dzieci, Rodzina Karola Wojty\u0142y, Ulubione miejsca \u015bw. Jana Paw\u0142a II. By\u0142y tak\u017ce piesze wycieczki.<\/p>\n<p>Tematyka prac dla klas starszych to: \u015aw. Jan Pawe\u0142 II i jego zainteresowania, \u017bycie \u015bw. Jana Paw\u0142a II, \u015aw. Jan Pawe\u0142 II i wa\u017cni ludzie, Pielgrzymki \u015bw. Jana Paw\u0142a II.<\/p>\n<p>Opr\u00f3cz tego starsi uczniowie uczestniczyli w r\u00f3\u017cnego rodzaju zabawach, grach organizowanych w szkole i na placu przed\u00a0 szko\u0142\u0105. Wszyscy z wielkim zapa\u0142em \u015bpiewali nasz szkolny hymn.<\/p>\n<p>W tym dniu klasy starsze zak\u0142ada\u0142y przed szko\u0142\u0105 \u015bliwkowy sad.<\/p>\n<p>\u015awi\u0119to Patrona up\u0142yn\u0119\u0142o w mi\u0142ej atmosferze.<\/p>\n<p>Niech Patron naszej szko\u0142y, kt\u00f3rego\u00a0 liturgiczne\u00a0 wspomnienie\u00a0 obchodzone jest w dniu 22 pa\u017adziernika, b\u0119dzie dla naszej spo\u0142eczno\u015bci szkolnej drogowskazem. Niech nas wspiera\u00a0 w ka\u017cdej trudnej sprawie.<\/p>\n<p><a href=\"https:\/\/photos.app.goo.gl\/daKhpdBUzhVHxH5q7\" target=\"_blank\" rel=\"noopener noreferrer\"><img loading=\"lazy\" decoding=\"async\" class=\"alignnone wp-image-4867\" src=\"http:\/\/sp1stanislawdolny.edu.pl\/wp-content\/uploads\/2020\/10\/20201023_093747-150x150.jpg\" alt=\"\" width=\"200\" height=\"200\" \/><\/a><\/p>\n<hr \/>\n<p><strong>2019<\/strong><\/p>\n<p><span style=\"font-size: 12pt;\">22 pa\u017adziernika uroczy\u015bcie obchodzili\u015bmy najwa\u017cniejsz\u0105 uroczysto\u015b\u0107 szkoln\u0105-\u015awi\u0119to Patrona. W tym dniu o godzinie 8.00 uczestniczyli\u015bmy we mszy \u015bwi\u0119tej, kt\u00f3rej przewodniczy\u0142 proboszcz ks. J. Piasecki oraz wzi\u0119li\u015bmy udzia\u0142 w warsztatach plastycznych, muzycznych, literacko-dziennikarskich oraz zaj\u0119ciach sportowych. Nie zabrak\u0142o te\u017c gry na terenie szko\u0142y, w kt\u00f3rej sprawdzili\u015bmy swoj\u0105 spostrzegawczo\u015b\u0107, koncentracj\u0119 i wiedz\u0119 o \u015bw. Janie Pawle II. Dzi\u0119kujemy wszystkim za zaanga\u017cowanie.<\/span><\/p>\n<p><a href=\"https:\/\/photos.app.goo.gl\/9YjksnWD11mYoLCy8\" target=\"_blank\" rel=\"noopener noreferrer\"><img loading=\"lazy\" decoding=\"async\" class=\"alignnone wp-image-503 size-full\" src=\"http:\/\/sp1stanislawdolny.edu.pl\/wp-content\/uploads\/2020\/02\/patron2019.jpg\" alt=\"\" width=\"200\" height=\"200\" srcset=\"http:\/\/sp1stanislawdolny.edu.pl\/wp-content\/uploads\/2020\/02\/patron2019.jpg 200w, http:\/\/sp1stanislawdolny.edu.pl\/wp-content\/uploads\/2020\/02\/patron2019-150x150.jpg 150w\" sizes=\"auto, (max-width: 200px) 100vw, 200px\" \/><\/a><\/p>\n<hr \/>\n<p><strong>2018<\/strong><\/p>\n<p>W dniu 22 pa\u017adziernika 2018 roku szko\u0142a w Stanislawiu Dolnym uroczy\u015bcie obchodzi\u0142a \u015bwi\u0119to swojego Patrona- \u015bw. Jana Paw\u0142a II. Poczet sztandarowy, uczniowie , dyrektor p. M. Zi\u0119ba oraz nauczyciele uczestniczyli we Mszy \u015awi\u0119tej w parafialnym ko\u015bciele. Ks. Proboszcz w homilii przybli\u017cy\u0142 zebranym posta\u0107 Wielkiego Polaka, nawi\u0105zuj\u0105c do Jego \u017cycia i licznych podr\u00f3\u017cy apostolskich.<\/p>\n<p>Schola prowadzona przez uczennice kl. III Weronik\u0119 Mularczyk, pi\u0119knie wzbogaci\u0142a Eucharysti\u0119. Na zako\u0144czenie wyst\u0105pi\u0142y laureatki V Szkolnego Konkursu Recytatorskiego.<\/p>\n<p>W szkole uczniowie ( od klasy II SP) pisali test wiedzy o patronie szko\u0142y, a nast\u0119pnie wykonywali prace plastyczne pt. ,, Podr\u00f3\u017ce Jana Paw\u0142a II\u2019\u2019, kt\u00f3re zostan\u0105 wys\u0142ane do zaprzyja\u017anionej Szko\u0142y im. Jana Paw\u0142a II w Awandjelo w Togo. Test dla niekt\u00f3rych uczni\u00f3w okaza\u0142 si\u0119 bardzo prosty- uzyskali wysok\u0105 ilo\u015b\u0107 punkt\u00f3w (ucze\u0144 z klasy IV b- 15\/15, uczennica z klasy III gimnazjum -22\/24).<\/p>\n<p>Klasy II i IV, najm\u0142odsze z ka\u017cdej kategorii, dobrze poradzi\u0142y sobie podczas udzielania odpowiedzi na pytania z testu.<\/p>\n<p>Prace plastyczne by\u0142y przemy\u015blane, estetyczne i bardzo kolorowe. Naj\u0142adniejsze prace i najlepiej napisane testy zosta\u0142y nagrodzone. Nagrody ufundowa\u0142 m.in. ks. J. Piasecki . Dzie\u0144 Patrona zorganizowali: ks. J. Piasecki, J .\u017bak, J. El\u017cbieciak.<\/p>\n<p><a href=\"https:\/\/photos.app.goo.gl\/9DwpjdcVEePifnJBA\" target=\"_blank\" rel=\"noopener noreferrer\"><img loading=\"lazy\" decoding=\"async\" class=\"alignnone wp-image-501 size-full\" src=\"http:\/\/sp1stanislawdolny.edu.pl\/wp-content\/uploads\/2020\/02\/pat2018.jpg\" alt=\"\" width=\"200\" height=\"200\" srcset=\"http:\/\/sp1stanislawdolny.edu.pl\/wp-content\/uploads\/2020\/02\/pat2018.jpg 200w, http:\/\/sp1stanislawdolny.edu.pl\/wp-content\/uploads\/2020\/02\/pat2018-150x150.jpg 150w\" sizes=\"auto, (max-width: 200px) 100vw, 200px\" \/><\/a><\/p>\n<p><!--nextpage--><\/p>\n<p><strong>2016<\/strong><\/p>\n<p><span style=\"font-size: medium;\">22 pa\u017adziernika \u015bwi\u0119towali\u015bmy dzie\u0144 naszego patrona \u015bw. Jana Paw\u0142a II. Najpierw wzi\u0119li\u015bmy udzia\u0142 w Mszy \u015awi\u0119tej a nast\u0119pnie w zaj\u0119ciach plastycznych, muzycznych i sportowych. Sportowcy rywalizowali w trzech kategoriach o puchar Lolka. Najlepszymi strzelcami bramek okazali si\u0119 uczniowie klas III, VI i III gim.<\/span><\/p>\n<p><a href=\"https:\/\/goo.gl\/photos\/64dvzQ9pRGma1sUB6\" target=\"_blank\" rel=\"noopener noreferrer\"><img loading=\"lazy\" decoding=\"async\" class=\"alignnone wp-image-499 size-full\" src=\"http:\/\/sp1stanislawdolny.edu.pl\/wp-content\/uploads\/2020\/02\/patr2016.jpg\" alt=\"\" width=\"200\" height=\"200\" srcset=\"http:\/\/sp1stanislawdolny.edu.pl\/wp-content\/uploads\/2020\/02\/patr2016.jpg 200w, http:\/\/sp1stanislawdolny.edu.pl\/wp-content\/uploads\/2020\/02\/patr2016-150x150.jpg 150w\" sizes=\"auto, (max-width: 200px) 100vw, 200px\" \/><\/a><\/p>\n<hr \/>\n<p><strong>2015<\/strong><\/p>\n<p><span style=\"font-size: medium;\">22. pa\u017adziernika obchodzili\u015bmy Dzie\u0144 Patrona naszej szko\u0142y &#8211; \u015bw. Jana Paw\u0142a II.<br \/>\nRano w ko\u015bciele parafialnym odby\u0142a si\u0119 msza \u015bwi\u0119ta, nast\u0119pnie wsp\u00f3lnie na sali gimnastycznej uczyli\u015bmy si\u0119 \u015bpiewa\u0107 hymn naszej szko\u0142y. Po przerwie rozpocz\u0119\u0142y si\u0119 zaj\u0119cia w klasach. M\u0142odsi uczniowie tworzyli galeri\u0119 obrazk\u00f3w po\u015bwi\u0119conych mi\u0142osierdziu, natomiast uczniowie klas starszych tworzyli gazet\u0119 po\u015bwi\u0119con\u0105 naszemu patronowi. W ka\u017cdym wydaniu gazety znalaz\u0142 sie opis sylwetki papie\u017ca Polaka, odrobina poezji i humoru, kulinarny przepis, artyku\u0142 o papieskich szlakach i wywiad na temat mi\u0142osierdzia. Klasa kt\u00f3ra najlepiej zredagowa\u0142a swoj\u0105 gazet\u0119, otrzyma\u0142a nagrod\u0119 w postaci bonu na &#8222;Dzie\u0144 bez pytania&#8221;.<\/span><\/p>\n<p><a href=\"https:\/\/photos.app.goo.gl\/BeB2xLFQ6ysFHg8w7\" target=\"_blank\" rel=\"noopener noreferrer\"><img loading=\"lazy\" decoding=\"async\" class=\"alignnone wp-image-498 size-full\" src=\"http:\/\/sp1stanislawdolny.edu.pl\/wp-content\/uploads\/2020\/02\/DzienPatrona2015.jpg\" alt=\"\" width=\"160\" height=\"160\" srcset=\"http:\/\/sp1stanislawdolny.edu.pl\/wp-content\/uploads\/2020\/02\/DzienPatrona2015.jpg 160w, http:\/\/sp1stanislawdolny.edu.pl\/wp-content\/uploads\/2020\/02\/DzienPatrona2015-150x150.jpg 150w\" sizes=\"auto, (max-width: 160px) 100vw, 160px\" \/><\/a><\/p>\n<hr \/>\n<p><strong>2014<\/strong><\/p>\n<p>Dnia 22 pa\u017adziernika 2014 roku obchodzili\u015bmy Dzie\u0144 Patrona \u2013 Jana Paw\u0142a II. O godzinie 9:00 wszyscy uczniowie szko\u0142y, Burmistrz gminy Kalwaria Zebrzydowska, dyrekcja, grono pedagogiczne i zaproszeni go\u015bcie uczestniczyli we mszy \u015bwi\u0119tej, kt\u00f3r\u0105 odprawi\u0142 ksi\u0105dz proboszcz J. Piasecki. Dziewczyny z klasy I i II gimnazjum \u015bpiewa\u0142y pie\u015bni wraz z pani\u0105 Dorot\u0105 Sarapat\u0105 i przy akompaniamencie organisty. Na gitarach przygrywa\u0142y Klaudia W\u0105sowicz i Weronika Mularczyk.<\/p>\n<p>Po mszy wszyscy udali si\u0119 do szko\u0142y, gdzie mia\u0142a miejsce uroczysta akademia. Na wst\u0119pie p. dyrektor mgr M. Zi\u0119ba powita\u0142 przyby\u0142ych go\u015bci, rodzic\u00f3w i uczni\u00f3w, potem kr\u00f3tkie przem\u00f3wienie mia\u0142 burmistrz naszej gminy Sz. P. Zbigniew Stradomski. Potem zacz\u0119\u0142a si\u0119 cz\u0119\u015b\u0107 artystyczna. Prowadz\u0105c\u0105 by\u0142a pani Dorota S. Okoliczno\u015bciowe teksty przygotowa\u0142a i wykona\u0142a klasa I gimnazjum. Natomiast dziewczyny z klasy II gimnazjum wspomaga\u0142y \u015bpiewem m\u0142odszych koleg\u00f3w. Prezentacj\u0119 multimedialn\u0105 przygotowa\u0142a p. mgr in\u017c. K. Leja. Kolejnym punktem by\u0142y wyst\u0119py laureat\u00f3w I Szkolnego Konkursu Recytatorskiego Poezji Karola Wojty\u0142y i o Janie Pawle II, organizowanego przez p. bibliotekark\u0119 i 2 uczennice z II gimnazjum.<\/p>\n<p>Po akademii uczniowie uczestniczyli w \u201eZabawach z Lolkiem\u201d, kt\u00f3re prowadzili koledzy oraz nauczyciele. W ka\u017cdej Sali lekcyjnej odbywa\u0142y si\u0119 r\u00f3\u017cne konkursy dotycz\u0105ce Jana Paw\u0142a II. Na przyk\u0142ad trzeba by\u0142o wymy\u015bli\u0107 od\u0119 do krem\u00f3wki i pocz\u0119stowa\u0107 si\u0119 tym pysznym ciastkiem. W innych klasach by\u0142y zaj\u0119cia: plastyczne, teatralne, taneczne, a tak\u017ce konkurs na najlepszego bramkarza.<\/p>\n<p>Uroczysto\u015b\u0107 zako\u0144czy\u0142a si\u0119 o godzinie 13:30. Uczniowie pe\u0142ni wra\u017ce\u0144 wr\u00f3cili do dom\u00f3w.<\/p>\n<p>Zredagowa\u0142a Natalia Bana\u015b<\/p>\n<p><a href=\"https:\/\/photos.app.goo.gl\/ggWUxjQSR5yzrkrU7\" target=\"_blank\" rel=\"noopener noreferrer\"><img loading=\"lazy\" decoding=\"async\" class=\"alignnone wp-image-496 size-full\" src=\"http:\/\/sp1stanislawdolny.edu.pl\/wp-content\/uploads\/2020\/02\/DP2014.jpg\" alt=\"\" width=\"200\" height=\"200\" srcset=\"http:\/\/sp1stanislawdolny.edu.pl\/wp-content\/uploads\/2020\/02\/DP2014.jpg 200w, http:\/\/sp1stanislawdolny.edu.pl\/wp-content\/uploads\/2020\/02\/DP2014-150x150.jpg 150w\" sizes=\"auto, (max-width: 200px) 100vw, 200px\" \/><\/a><\/p>\n<hr \/>\n<p><strong>2013<\/strong><\/p>\n<p>24 pa\u017adziernika obchodzili\u015bmy dzie\u0144 naszego patrona b\u0142. Jana Paw\u0142a II. Rano odby\u0142a si\u0119 masz \u015bwi\u0119ta, a nast\u0119pnie akademia. P\u00f3\u017aniej rywalizowali\u015bmy w konkursie wiedzy o naszym patronie. W kategorii klas IV-VI zwyci\u0119\u017cy\u0142a klasa VI a w kategorii gimnazjum klasa I. Po konkursach wsp\u00f3lnie obejrzeli\u015bmy film &#8222;\u015awiadectwo&#8221;.<\/p>\n<p><a href=\"https:\/\/photos.app.goo.gl\/obptWjvNNceC3JZN7\" target=\"_blank\" rel=\"noopener noreferrer\"><img loading=\"lazy\" decoding=\"async\" class=\"alignnone wp-image-495 size-full\" src=\"http:\/\/sp1stanislawdolny.edu.pl\/wp-content\/uploads\/2020\/02\/DP2013.jpg\" alt=\"\" width=\"200\" height=\"200\" srcset=\"http:\/\/sp1stanislawdolny.edu.pl\/wp-content\/uploads\/2020\/02\/DP2013.jpg 200w, http:\/\/sp1stanislawdolny.edu.pl\/wp-content\/uploads\/2020\/02\/DP2013-150x150.jpg 150w\" sizes=\"auto, (max-width: 200px) 100vw, 200px\" \/><\/a><\/p>\n<p><!--nextpage--><\/p>\n<p><strong>2012<\/strong><\/p>\n<p>22 prze\u017cywali\u015bmy uroczysto\u015bci zwi\u0105zane z patronem szko\u0142y b\u0142ogos\u0142awionym Janem Paw\u0142em II. Ten wyj\u0105tkowy dzie\u0144 rozpocz\u0119li\u015bmy udzia\u0142em w uroczystej Mszy \u015bwi\u0119tej, nast\u0119pnie udali\u015bmy si\u0119 do szko\u0142y, aby tam uczestniczy\u0107 w apelu po\u015bwi\u0119conym naszemu patronowi. Klasa VI przypomnia\u0142a nam najwa\u017cniejsze fakty i dokonania papie\u017ca polaka. Nie zabrak\u0142o r\u00f3wnie\u017c ulubionych przez b\u0142. Jana Paw\u0142a II piosenek. Po cz\u0119\u015bci artystycznej wszyscy uczniowie wzi\u0119li udzia\u0142 w konkursie plastycznym pod has\u0142em \u201eJan Pawe\u0142 II \u2013 papie\u017c rodziny\u201d. Kolorowe prace ozdobi\u0142y korytarze naszej szko\u0142y i jeszcze przez d\u0142ugi czas b\u0119d\u0105 nam przypomina\u0142y posta\u0107 naszego patrona.<\/p>\n<p><a href=\"https:\/\/photos.app.goo.gl\/J8aJ1d1sdcbyhAwe8\" target=\"_blank\" rel=\"noopener noreferrer\"><img loading=\"lazy\" decoding=\"async\" class=\"alignnone wp-image-494 size-full\" src=\"http:\/\/sp1stanislawdolny.edu.pl\/wp-content\/uploads\/2020\/02\/DP2012.jpg\" alt=\"\" width=\"200\" height=\"203\" \/><\/a><\/p>\n<hr \/>\n<p><strong>2011<\/strong><\/p>\n<p>22 pa\u017adziernika obchodzili\u015bmy \u015bwi\u0119to naszego patrona &#8211; b\u0142ogos\u0142awionego Jana Paw\u0142a II. Z tej okazji klasa VI przygotowa\u0142a uroczyst\u0105 akademi\u0119 a nast\u0119pnie odby\u0142y si\u0119 konkursy plastyczne zwi\u0105zane z osob\u0105 papie\u017ca Polaka.<\/p>\n<p><a href=\"https:\/\/photos.app.goo.gl\/B5aMpGXEhSikb4af8\" target=\"_blank\" rel=\"noopener noreferrer\"><img loading=\"lazy\" decoding=\"async\" class=\"alignnone wp-image-493 size-full\" src=\"http:\/\/sp1stanislawdolny.edu.pl\/wp-content\/uploads\/2020\/02\/DzienPatrona2011.jpg\" alt=\"\" width=\"160\" height=\"160\" srcset=\"http:\/\/sp1stanislawdolny.edu.pl\/wp-content\/uploads\/2020\/02\/DzienPatrona2011.jpg 160w, http:\/\/sp1stanislawdolny.edu.pl\/wp-content\/uploads\/2020\/02\/DzienPatrona2011-150x150.jpg 150w\" sizes=\"auto, (max-width: 160px) 100vw, 160px\" \/><\/a><\/p>\n<hr \/>\n<p><strong>2009<\/strong><\/p>\n<p>16 pa\u017adziernik to w kalendarzu naszej szko\u0142y data szczeg\u00f3lna. Tego dnia bowiem przypada rocznica pontyfikatu Jana Paw\u0142a II czyli \u015bwi\u0119to patrona szko\u0142y. Uczcili\u015bmy ten dzie\u0144 uroczyst\u0105 msz\u0105 \u015bwi\u0119t\u0105 oraz apelem.<\/p>\n<p><a href=\"https:\/\/photos.app.goo.gl\/wmqsvU2FcXcmNWCa6\" target=\"_blank\" rel=\"noopener noreferrer\"><img loading=\"lazy\" decoding=\"async\" class=\"alignnone wp-image-492 size-full\" src=\"http:\/\/sp1stanislawdolny.edu.pl\/wp-content\/uploads\/2020\/02\/DzienPatrona2009.jpg\" alt=\"\" width=\"160\" height=\"160\" srcset=\"http:\/\/sp1stanislawdolny.edu.pl\/wp-content\/uploads\/2020\/02\/DzienPatrona2009.jpg 160w, http:\/\/sp1stanislawdolny.edu.pl\/wp-content\/uploads\/2020\/02\/DzienPatrona2009-150x150.jpg 150w\" sizes=\"auto, (max-width: 160px) 100vw, 160px\" \/><\/a><\/p>\n<hr \/>\n<p><strong>2008<\/strong><\/p>\n<p>16 pa\u017adziernika przypada rocznica wyboru Karola Wojty\u0142y na Stolic\u0119 Piotrow\u0105. W tym szczeg\u00f3lnym dla wszystkich Polak\u00f3w dniu, uroczy\u015bcie czcimy pami\u0119\u0107 naszego Wielkiego Patrona. Wzi\u0119li\u015bmy udzia\u0142 we mszy \u015bwi\u0119tej a klasa VI przygotowa\u0142a uroczysta akademi\u0119. Delegacja z naszej szko\u0142y wzi\u0119\u0142a tak\u017ce udzia\u0142 w uroczysto\u015bciach jakie w tym dniu odby\u0142y si\u0119 w klasztorze o. bernardyn\u00f3w w Kalwarii.<\/p>\n<p><a href=\"https:\/\/photos.app.goo.gl\/WaW2bCGq7AY4qjXm9\" target=\"_blank\" rel=\"noopener noreferrer\"><img loading=\"lazy\" decoding=\"async\" class=\"alignnone wp-image-491 size-full\" src=\"http:\/\/sp1stanislawdolny.edu.pl\/wp-content\/uploads\/2020\/02\/RocznicaPontyfikatu2008.jpg\" alt=\"\" width=\"160\" height=\"160\" srcset=\"http:\/\/sp1stanislawdolny.edu.pl\/wp-content\/uploads\/2020\/02\/RocznicaPontyfikatu2008.jpg 160w, http:\/\/sp1stanislawdolny.edu.pl\/wp-content\/uploads\/2020\/02\/RocznicaPontyfikatu2008-150x150.jpg 150w\" sizes=\"auto, (max-width: 160px) 100vw, 160px\" \/><\/a><\/p>\n<p>&nbsp;<\/p>\n<hr \/>\n<p><strong>2006<\/strong><\/p>\n<p><span style=\"font-family: georgia, palatino, serif; font-size: 12pt;\">16 pa\u017adziernika 2007 w naszej Szkole im. Jana Paw\u0142a II w Stanis\u0142awiu Dolnym obchodzili\u015bmy \u015awi\u0119to Patrona. To ju\u017c kolejny Dzie\u0144 Patrona bez \u017cyj\u0105cego Ojca \u015awi\u0119tego, jednak ca\u0142y czas wierzymy, \u017ce papie\u017c jest z nami i patrzy na nas z Domu swojego Ojca.<br \/>\nO godzinie 8:45 poczet sztandarowy, m\u0142odzie\u017c i nauczyciele zebrani przy szkole, wyruszyli do ko\u015bcio\u0142a parafialnego. Msza \u015bwi\u0119ta o godzinie 9:00 zosta\u0142a odprawiona przez ks. proboszcza K. Sordyla. Po Mszy \u015bw. odm\u00f3wili\u015bmy R\u00f3\u017caniec.<br \/>\nAkademi\u0119 z okazji 29 Rocznicy Pontyfikatu przygotowa\u0142a p. A. Kapu\u015bci\u0144ska wraz z klas\u0105 Va, opraw\u0119 muzyczn\u0105 p. D. Sarapata. Wyst\u0119py by\u0142y bardzo wzruszaj\u0105ce &#8211; by\u0142o to przypomnienie nauczania Jana Paw\u0142a II z wykorzystaniem archiwalnych nagra\u0144 oraz refleksyjne wiersze zwi\u0105zane ze \u015bmierci\u0105 papie\u017ca Polaka. M\u0142odzie\u017c by\u0142a doskonale przygotowana co nagrodzone zosta\u0142o gromkimi brawami i podzi\u0119kowaniem p. Dyrektora M. Zi\u0119by.<br \/>\nPierwszy raz obchodz\u0105c \u015awi\u0119to Patrona Szko\u0142y mieli\u015bmy co\u015b, co do Niego nale\u017ca\u0142o. By\u0142 to obrazek z relikwiami, przywieziony przez uczni\u00f3w kl. VI z Cz\u0119stochowy. Na ten dzie\u0144 zosta\u0142 on oprawiony (ramk\u0119 wykona\u0142 p. S\u0142awomir Faber) i od tej pory zajmuje najwa\u017cniejsze miejsce w naszej szkole. R\u00f3wnie\u017c gw\u00f3\u017ad\u017a do sztandaru przywieziony z Jasnej G\u00f3ry (umocowany przez p. M. Fabra) jest od \u015awi\u0119ta Patrona symbolem dokumentuj\u0105cym, dzie\u0144 przej\u015bcia naszego Patrona do Domu Ojca.<br \/>\nPani J. \u017bak powiedzia\u0142a uczniom zebranym na sali o darach przywiezionych z Cz\u0119stochowy i o tym, i\u017c relikwie oraz gw\u00f3\u017ad\u017a po\u015bwi\u0119cony przy Jego Grobie, zobowi\u0105zuje nas do lepszego zachowania. Odczyta\u0142a r\u00f3wnie\u017c wyniki konkursu &#8222;Jan Pawe\u0142 II Obro\u0144ca godno\u015bci cz\u0142owieka&#8221;, pogratulowa\u0142a zwyci\u0119zcom i podzi\u0119kowa\u0142a uczestnikom za udzia\u0142.<\/span><\/p>\n<p><span style=\"font-family: georgia, palatino, serif; font-size: 12pt;\">Jadwiga \u017bak<\/span><\/p>\n<hr \/>\n<p><strong>2005<\/strong><\/p>\n<p><span style=\"font-family: georgia, palatino, serif;\"><span style=\"font-size: medium;\"><span style=\"font-size: 12pt;\">6 pa\u017adziernika 2005 \u015awi\u0119to Patrona naszej Szko\u0142y, Jana Paw\u0142a II. Dzie\u0144 ten jak co roku, obchodzili\u015bmy bardzo uroczy\u015bcie. Rozpocz\u0119li\u015bmy go msz\u0105 \u015bwi\u0119t\u0105, nast\u0119pnie udali\u015bmy si\u0119 do szko\u0142y gdzie uczniowie przedstawili program po\u015bwi\u0119cony \u017cyciu naszego Patrona. Wzi\u0119li r\u00f3wnie\u017c udzia\u0142 w konkursie <\/span><span style=\"font-size: large;\"><span style=\"font-size: 12pt;\">plastycznym.<\/span> <\/span><\/span><\/span><\/p>\n<p><img loading=\"lazy\" decoding=\"async\" class=\"alignnone size-medium wp-image-487\" src=\"http:\/\/sp1stanislawdolny.edu.pl\/wp-content\/uploads\/2020\/02\/DP12005-300x211.jpg\" alt=\"\" width=\"300\" height=\"211\" srcset=\"http:\/\/sp1stanislawdolny.edu.pl\/wp-content\/uploads\/2020\/02\/DP12005-300x211.jpg 300w, http:\/\/sp1stanislawdolny.edu.pl\/wp-content\/uploads\/2020\/02\/DP12005-768x540.jpg 768w, http:\/\/sp1stanislawdolny.edu.pl\/wp-content\/uploads\/2020\/02\/DP12005-660x464.jpg 660w, http:\/\/sp1stanislawdolny.edu.pl\/wp-content\/uploads\/2020\/02\/DP12005-200x140.jpg 200w, http:\/\/sp1stanislawdolny.edu.pl\/wp-content\/uploads\/2020\/02\/DP12005.jpg 800w\" sizes=\"auto, (max-width: 300px) 100vw, 300px\" \/> <img loading=\"lazy\" decoding=\"async\" class=\"alignnone size-medium wp-image-488\" src=\"http:\/\/sp1stanislawdolny.edu.pl\/wp-content\/uploads\/2020\/02\/DP22005-300x206.jpg\" alt=\"\" width=\"300\" height=\"206\" srcset=\"http:\/\/sp1stanislawdolny.edu.pl\/wp-content\/uploads\/2020\/02\/DP22005-300x206.jpg 300w, http:\/\/sp1stanislawdolny.edu.pl\/wp-content\/uploads\/2020\/02\/DP22005-768x527.jpg 768w, http:\/\/sp1stanislawdolny.edu.pl\/wp-content\/uploads\/2020\/02\/DP22005-660x453.jpg 660w, http:\/\/sp1stanislawdolny.edu.pl\/wp-content\/uploads\/2020\/02\/DP22005.jpg 800w\" sizes=\"auto, (max-width: 300px) 100vw, 300px\" \/> <img loading=\"lazy\" decoding=\"async\" class=\"alignnone size-medium wp-image-489\" src=\"http:\/\/sp1stanislawdolny.edu.pl\/wp-content\/uploads\/2020\/02\/DP32005-300x207.jpg\" alt=\"\" width=\"300\" height=\"207\" srcset=\"http:\/\/sp1stanislawdolny.edu.pl\/wp-content\/uploads\/2020\/02\/DP32005-300x207.jpg 300w, http:\/\/sp1stanislawdolny.edu.pl\/wp-content\/uploads\/2020\/02\/DP32005-768x530.jpg 768w, http:\/\/sp1stanislawdolny.edu.pl\/wp-content\/uploads\/2020\/02\/DP32005-660x455.jpg 660w, http:\/\/sp1stanislawdolny.edu.pl\/wp-content\/uploads\/2020\/02\/DP32005.jpg 800w\" sizes=\"auto, (max-width: 300px) 100vw, 300px\" \/><\/p>\n","protected":false},"excerpt":{"rendered":"<p>2020 22 pa\u017adziernika 2020 obchodzili\u015bmy \u015bwi\u0119to naszego Patrona. Jest nim wielki Polak, \u015bw. Jan Pawe\u0142 II. Ze wzgl\u0119du na zaostrzenie przepis\u00f3w, zwi\u0105zanych z epidemi\u0105, tylko\u00a0 przedstawiciele klas IV-VIII, dyrektor, nauczyciele- uczestniczyli we mszy \u015bwi\u0119tej w ko\u015bciele parafialnym. Opraw\u0105 muzyczn\u0105 zaj\u0119\u0142y si\u0119 p. D. Sarapata i W. G\u00f3rny z kl. VII. Dalsza cz\u0119\u015b\u0107 obchod\u00f3w, tak wa\u017cnego\u2026 <span class=\"read-more\"><a href=\"http:\/\/sp1stanislawdolny.edu.pl\/index.php\/dzien-patrona\/\">Dowiedz si\u0119 wi\u0119cej &raquo;<\/a><\/span><\/p>\n","protected":false},"author":1,"featured_media":0,"parent":0,"menu_order":0,"comment_status":"closed","ping_status":"closed","template":"","meta":{"ngg_post_thumbnail":0,"footnotes":""},"class_list":["post-334","page","type-page","status-publish","hentry"],"_links":{"self":[{"href":"http:\/\/sp1stanislawdolny.edu.pl\/index.php\/wp-json\/wp\/v2\/pages\/334","targetHints":{"allow":["GET"]}}],"collection":[{"href":"http:\/\/sp1stanislawdolny.edu.pl\/index.php\/wp-json\/wp\/v2\/pages"}],"about":[{"href":"http:\/\/sp1stanislawdolny.edu.pl\/index.php\/wp-json\/wp\/v2\/types\/page"}],"author":[{"embeddable":true,"href":"http:\/\/sp1stanislawdolny.edu.pl\/index.php\/wp-json\/wp\/v2\/users\/1"}],"replies":[{"embeddable":true,"href":"http:\/\/sp1stanislawdolny.edu.pl\/index.php\/wp-json\/wp\/v2\/comments?post=334"}],"version-history":[{"count":10,"href":"http:\/\/sp1stanislawdolny.edu.pl\/index.php\/wp-json\/wp\/v2\/pages\/334\/revisions"}],"predecessor-version":[{"id":4873,"href":"http:\/\/sp1stanislawdolny.edu.pl\/index.php\/wp-json\/wp\/v2\/pages\/334\/revisions\/4873"}],"wp:attachment":[{"href":"http:\/\/sp1stanislawdolny.edu.pl\/index.php\/wp-json\/wp\/v2\/media?parent=334"}],"curies":[{"name":"wp","href":"https:\/\/api.w.org\/{rel}","templated":true}]}}