{"id":12638,"date":"2026-03-25T14:33:41","date_gmt":"2026-03-25T14:33:41","guid":{"rendered":"http:\/\/sp1stanislawdolny.edu.pl\/?page_id=12638"},"modified":"2026-03-25T14:37:09","modified_gmt":"2026-03-25T14:37:09","slug":"juz-plywam","status":"publish","type":"page","link":"http:\/\/sp1stanislawdolny.edu.pl\/index.php\/juz-plywam\/","title":{"rendered":"Ju\u017c p\u0142ywam"},"content":{"rendered":"<p style=\"text-align: center;\"><a href=\"http:\/\/sp1stanislawdolny.edu.pl\/wp-content\/uploads\/2025\/08\/juzplywam.jpg\"><img loading=\"lazy\" decoding=\"async\" class=\"alignnone wp-image-11605 \" src=\"http:\/\/sp1stanislawdolny.edu.pl\/wp-content\/uploads\/2025\/08\/juzplywam-1024x575.jpg\" alt=\"\" width=\"385\" height=\"216\" srcset=\"http:\/\/sp1stanislawdolny.edu.pl\/wp-content\/uploads\/2025\/08\/juzplywam-1024x575.jpg 1024w, http:\/\/sp1stanislawdolny.edu.pl\/wp-content\/uploads\/2025\/08\/juzplywam-300x169.jpg 300w, http:\/\/sp1stanislawdolny.edu.pl\/wp-content\/uploads\/2025\/08\/juzplywam-768x432.jpg 768w, http:\/\/sp1stanislawdolny.edu.pl\/wp-content\/uploads\/2025\/08\/juzplywam-660x371.jpg 660w, http:\/\/sp1stanislawdolny.edu.pl\/wp-content\/uploads\/2025\/08\/juzplywam.jpg 1500w\" sizes=\"auto, (max-width: 385px) 100vw, 385px\" \/><\/a><\/p>\n<p><a href=\"http:\/\/sp1stanislawdolny.edu.pl\/wp-content\/uploads\/2026\/03\/zarzadzenie.pdf\" target=\"_blank\" rel=\"noopener\">Zarz\u0105dzenie<\/a><\/p>\n<p><a href=\"http:\/\/sp1stanislawdolny.edu.pl\/wp-content\/uploads\/2026\/03\/Zalacznik-do-zarzadzenia-REGULAMIN.pdf\" target=\"_blank\" rel=\"noopener\">Za\u0142\u0105cznik do zarz\u0105dzenia- REGULAMIN<\/a><\/p>\n<p><a href=\"http:\/\/sp1stanislawdolny.edu.pl\/wp-content\/uploads\/2026\/03\/zalacznik-nr-1-do-reg.deklaracja-uczestnictwa.pdf\" target=\"_blank\" rel=\"noopener\">za\u0142\u0105cznik-nr-1 do reg.deklaracja uczestnictwa<\/a><\/p>\n<p><a href=\"http:\/\/sp1stanislawdolny.edu.pl\/wp-content\/uploads\/2026\/03\/zalacznik-nr-2-do-reg.klauzula-z-art.-14-RODO-obow.-inf.pdf\" target=\"_blank\" rel=\"noopener\">za\u0142\u0105cznik-nr-2 do reg.klauzula z art. 14 RODO obow. inf.<\/a><\/p>\n<p><a href=\"http:\/\/sp1stanislawdolny.edu.pl\/wp-content\/uploads\/2026\/03\/zalacznik-nr-3-do-reg.osw_.dot_.-braku-przeciwskazan-zdr.pdf\" target=\"_blank\" rel=\"noopener\">za\u0142\u0105cznik-nr-3 do reg.o\u015bw.dot. braku przeciwskaza\u0144 zdr.<\/a><\/p>\n<p><a href=\"http:\/\/sp1stanislawdolny.edu.pl\/wp-content\/uploads\/2026\/03\/zalacznik-nr-4-do-reg.osw_.-o-zapozn.standardy-ochr.maloletnich.pdf\" target=\"_blank\" rel=\"noopener\">za\u0142\u0105cznik-nr-4 do reg.o\u015bw. o zapozn.standardy ochr.ma\u0142oletnich<\/a><\/p>\n<p><a href=\"http:\/\/sp1stanislawdolny.edu.pl\/wp-content\/uploads\/2026\/03\/zalacznik-nr-5-do-do-reg.klauzula-standardy-ochr.malolet.pdf\" target=\"_blank\" rel=\"noopener\">za\u0142\u0105cznik-nr-5 do do reg.klauzula standardy ochr.ma\u0142olet.<\/a><\/p>\n<p><a href=\"http:\/\/sp1stanislawdolny.edu.pl\/wp-content\/uploads\/2026\/03\/zalacznik-nr-6-do-reg.osw_.usprawiedliwienie.pdf\" target=\"_blank\" rel=\"noopener\">a\u0142\u0105cznik-nr-6 do reg.o\u015bw.usprawiedliwienie<\/a><\/p>\n<p><a href=\"http:\/\/sp1stanislawdolny.edu.pl\/wp-content\/uploads\/2026\/03\/zalacznik-nr-7-do-reg.osw_.-rezygnacja.pdf\" target=\"_blank\" rel=\"noopener\">za\u0142\u0105cznik-nr-7 do reg.o\u015bw. rezygnacja<\/a><\/p>\n<p><a href=\"http:\/\/sp1stanislawdolny.edu.pl\/wp-content\/uploads\/2026\/03\/zalacznik-nr-8-do-reg.osw_.dotyczace-wizerunku.pdf\" target=\"_blank\" rel=\"noopener\">za\u0142\u0105cznik-nr-8 do reg.o\u015bw.dotycz\u0105ce wizerunku<\/a><\/p>\n<p><a href=\"http:\/\/sp1stanislawdolny.edu.pl\/wp-content\/uploads\/2026\/03\/zalacznik-nr-9-do-reg.-Regulamin-Krytej-plywalni.pdf\" target=\"_blank\" rel=\"noopener\">za\u0142\u0105cznik-nr-9 do reg. &#8211; Regulamin Krytej p\u0142ywalni<\/a><\/p>\n<p><a href=\"http:\/\/sp1stanislawdolny.edu.pl\/wp-content\/uploads\/2026\/03\/zalacznik-nr-10-do-reg.-Harmonogram.pdf\" target=\"_blank\" rel=\"noopener\">za\u0142\u0105cznik-nr-10 do reg. &#8211; Harmonogram<\/a><\/p>\n<p>&nbsp;<\/p>\n<p>&nbsp;<\/p>\n<p>&nbsp;<\/p>\n<p>&nbsp;<\/p>\n<p>&nbsp;<\/p>\n<p>&nbsp;<\/p>\n<p>&nbsp;<\/p>\n<p>&nbsp;<\/p>\n<p>&nbsp;<\/p>\n","protected":false},"excerpt":{"rendered":"<p>Zarz\u0105dzenie Za\u0142\u0105cznik do zarz\u0105dzenia- REGULAMIN za\u0142\u0105cznik-nr-1 do reg.deklaracja uczestnictwa za\u0142\u0105cznik-nr-2 do reg.klauzula z art. 14 RODO obow. inf. za\u0142\u0105cznik-nr-3 do reg.o\u015bw.dot. braku przeciwskaza\u0144 zdr. za\u0142\u0105cznik-nr-4 do reg.o\u015bw. o zapozn.standardy ochr.ma\u0142oletnich za\u0142\u0105cznik-nr-5 do do reg.klauzula standardy ochr.ma\u0142olet. a\u0142\u0105cznik-nr-6 do reg.o\u015bw.usprawiedliwienie za\u0142\u0105cznik-nr-7 do reg.o\u015bw. rezygnacja za\u0142\u0105cznik-nr-8 do reg.o\u015bw.dotycz\u0105ce wizerunku za\u0142\u0105cznik-nr-9 do reg. &#8211; Regulamin Krytej p\u0142ywalni za\u0142\u0105cznik-nr-10\u2026 <span class=\"read-more\"><a href=\"http:\/\/sp1stanislawdolny.edu.pl\/index.php\/juz-plywam\/\">Dowiedz si\u0119 wi\u0119cej &raquo;<\/a><\/span><\/p>\n","protected":false},"author":1,"featured_media":0,"parent":0,"menu_order":0,"comment_status":"closed","ping_status":"closed","template":"","meta":{"ngg_post_thumbnail":0,"footnotes":""},"class_list":["post-12638","page","type-page","status-publish","hentry"],"_links":{"self":[{"href":"http:\/\/sp1stanislawdolny.edu.pl\/index.php\/wp-json\/wp\/v2\/pages\/12638","targetHints":{"allow":["GET"]}}],"collection":[{"href":"http:\/\/sp1stanislawdolny.edu.pl\/index.php\/wp-json\/wp\/v2\/pages"}],"about":[{"href":"http:\/\/sp1stanislawdolny.edu.pl\/index.php\/wp-json\/wp\/v2\/types\/page"}],"author":[{"embeddable":true,"href":"http:\/\/sp1stanislawdolny.edu.pl\/index.php\/wp-json\/wp\/v2\/users\/1"}],"replies":[{"embeddable":true,"href":"http:\/\/sp1stanislawdolny.edu.pl\/index.php\/wp-json\/wp\/v2\/comments?post=12638"}],"version-history":[{"count":2,"href":"http:\/\/sp1stanislawdolny.edu.pl\/index.php\/wp-json\/wp\/v2\/pages\/12638\/revisions"}],"predecessor-version":[{"id":12653,"href":"http:\/\/sp1stanislawdolny.edu.pl\/index.php\/wp-json\/wp\/v2\/pages\/12638\/revisions\/12653"}],"wp:attachment":[{"href":"http:\/\/sp1stanislawdolny.edu.pl\/index.php\/wp-json\/wp\/v2\/media?parent=12638"}],"curies":[{"name":"wp","href":"https:\/\/api.w.org\/{rel}","templated":true}]}}